{"version":"1.0","provider_name":"LE PUBLIC","provider_url":"https:\/\/www.public.sn","author_name":"LA REDACTION","author_url":"https:\/\/www.public.sn\/index.php\/author\/admin7324\/","title":"Mercato: Marcelo quitte le Real Madrid pour l\u2019Olympiakos. - LE PUBLIC","type":"rich","width":600,"height":338,"html":"<blockquote class=\"wp-embedded-content\" data-secret=\"XzCRTP0hIz\"><a href=\"https:\/\/www.public.sn\/index.php\/2022\/09\/03\/mercato-marcelo-qui-le-real-madrid-pour-lolympiakos\/\">Mercato: Marcelo quitte le Real Madrid pour l\u2019Olympiakos.<\/a><\/blockquote><iframe sandbox=\"allow-scripts\" security=\"restricted\" src=\"https:\/\/www.public.sn\/index.php\/2022\/09\/03\/mercato-marcelo-qui-le-real-madrid-pour-lolympiakos\/embed\/#?secret=XzCRTP0hIz\" width=\"600\" height=\"338\" title=\"\u00ab\u00a0Mercato: Marcelo quitte le Real Madrid pour l\u2019Olympiakos.\u00a0\u00bb &#8212; LE PUBLIC\" data-secret=\"XzCRTP0hIz\" frameborder=\"0\" marginwidth=\"0\" marginheight=\"0\" scrolling=\"no\" class=\"wp-embedded-content\"><\/iframe><script>\n\/*! This file is auto-generated *\/\n!function(d,l){\"use strict\";l.querySelector&&d.addEventListener&&\"undefined\"!=typeof URL&&(d.wp=d.wp||{},d.wp.receiveEmbedMessage||(d.wp.receiveEmbedMessage=function(e){var t=e.data;if((t||t.secret||t.message||t.value)&&!\/[^a-zA-Z0-9]\/.test(t.secret)){for(var s,r,n,a=l.querySelectorAll('iframe[data-secret=\"'+t.secret+'\"]'),o=l.querySelectorAll('blockquote[data-secret=\"'+t.secret+'\"]'),c=new RegExp(\"^https?:$\",\"i\"),i=0;i<o.length;i++)o[i].style.display=\"none\";for(i=0;i<a.length;i++)s=a[i],e.source===s.contentWindow&&(s.removeAttribute(\"style\"),\"height\"===t.message?(1e3<(r=parseInt(t.value,10))?r=1e3:~~r<200&&(r=200),s.height=r):\"link\"===t.message&&(r=new URL(s.getAttribute(\"src\")),n=new URL(t.value),c.test(n.protocol))&&n.host===r.host&&l.activeElement===s&&(d.top.location.href=t.value))}},d.addEventListener(\"message\",d.wp.receiveEmbedMessage,!1),l.addEventListener(\"DOMContentLoaded\",function(){for(var e,t,s=l.querySelectorAll(\"iframe.wp-embedded-content\"),r=0;r<s.length;r++)(t=(e=s[r]).getAttribute(\"data-secret\"))||(t=Math.random().toString(36).substring(2,12),e.src+=\"#?secret=\"+t,e.setAttribute(\"data-secret\",t)),e.contentWindow.postMessage({message:\"ready\",secret:t},\"*\")},!1)))}(window,document);\n\/\/# sourceURL=https:\/\/www.public.sn\/wp-includes\/js\/wp-embed.min.js\n<\/script>\n","thumbnail_url":"https:\/\/www.public.sn\/wp-content\/uploads\/2022\/09\/55008B6E-9106-4AEA-9955-772D74120F04.jpeg","thumbnail_width":1200,"thumbnail_height":640,"description":"Le lat\u00e9ral gauche br\u00e9silien Marcelo a sign\u00e9 un contrat en faveur de l&rsquo;Olympiakos, a annonc\u00e9 vendredi le triple champion en titre de Gr\u00e8ce, sans r\u00e9v\u00e9ler la dur\u00e9e ni le montant du contrat. \u00ab\u00a0Une vraie LEGENDE du football rejoint OLYMPIAKOS\u00ab\u00a0, \u00e9crit le club en grec et en anglais sur Twitter.\u00a0\u00c2g\u00e9 de 34 ans, Marcelo a disput\u00e9 546 matches sous les couleurs du Real Madrid o\u00f9 il \u00e9tait arriv\u00e9 en 2006 \u00e0 l&rsquo;\u00e2ge de 18 ans et avec lequel il a remport\u00e9 cinq Ligues des champions, pr\u00e9cise encore l&rsquo;Olympiakos dans un communiqu\u00e9 sur son site officiel.\u00a0Il est le joueur le plus titr\u00e9 de l&rsquo;histoire du Real Madrid avec 25 troph\u00e9es. La direction du Real avait d\u00e9cid\u00e9 de ne pas prolonger son contrat au terme d&rsquo;une saison 2021\/2022 compliqu\u00e9e pour le joueur, qui n&rsquo;a \u00e9t\u00e9 que cinq fois titulaire en Liga et n&rsquo;a pas disput\u00e9 la finale de la Ligue des champions le 28 mai au Stade de France contre Liverpool, remport\u00e9e 1-0. &nbsp; Marcelo, qui jouait \u00e0 Fluminense avant de venir en Europe, compte 58 s\u00e9lections en \u00e9quipe du Br\u00e9sil (6 buts) sous le maillot duquel il a pris part \u00e0 deux Coupes du monde en 2014 et 2018.&nbsp;L&rsquo;Olympiakos, club du Pir\u00e9e, \u00e0 Ath\u00e8nes, est dans le m\u00eame groupe de Ligue Europa que le FC Nantes chez qui il se rendra lors de la premi\u00e8re journ\u00e9e, jeudi prochain (21h00)."}

Le latéral gauche brésilien Marcelo a signé un contrat en faveur de l&rsquo;Olympiakos, a annoncé vendredi le triple champion en titre de Grèce, sans révéler la durée ni le montant du contrat. « Une vraie LEGENDE du football rejoint OLYMPIAKOS« , écrit le club en grec et en anglais sur Twitter. Âgé de 34 ans, Marcelo a disputé 546 matches sous les couleurs du Real Madrid où il était arrivé en 2006 à l&rsquo;âge de 18 ans et avec lequel il a remporté cinq Ligues des champions, précise encore l&rsquo;Olympiakos dans un communiqué sur son site officiel. Il est le joueur le plus titré de l&rsquo;histoire du Real Madrid avec 25 trophées. La direction du Real avait décidé de ne pas prolonger son contrat au terme d&rsquo;une saison 2021/2022 compliquée pour le joueur, qui n&rsquo;a été que cinq fois titulaire en Liga et n&rsquo;a pas disputé la finale de la Ligue des champions le 28 mai au Stade de France contre Liverpool, remportée 1-0. &nbsp; Marcelo, qui jouait à Fluminense avant de venir en Europe, compte 58 sélections en équipe du Brésil (6 buts) sous le maillot duquel il a pris part à deux Coupes du monde en 2014 et 2018.&nbsp;L&rsquo;Olympiakos, club du Pirée, à Athènes, est dans le même groupe de Ligue Europa que le FC Nantes chez qui il se rendra lors de la première journée, jeudi prochain (21h00).
