{"version":"1.0","provider_name":"LE PUBLIC","provider_url":"https:\/\/www.public.sn","author_name":"LA REDACTION","author_url":"https:\/\/www.public.sn\/index.php\/author\/admin7324\/","title":"Doyen Soro Diop, rejoint haut, l\u2019au-del\u00e0 (Vid\u00e9o) - LE PUBLIC","type":"rich","width":600,"height":338,"html":"<blockquote class=\"wp-embedded-content\" data-secret=\"S3Y0rnZa1U\"><a href=\"https:\/\/www.public.sn\/index.php\/2022\/09\/24\/doyen-soro-diop-rejoint-haut-lau-dela-video\/\">Doyen Soro Diop, rejoint haut, l\u2019au-del\u00e0 (Vid\u00e9o)<\/a><\/blockquote><iframe sandbox=\"allow-scripts\" security=\"restricted\" src=\"https:\/\/www.public.sn\/index.php\/2022\/09\/24\/doyen-soro-diop-rejoint-haut-lau-dela-video\/embed\/#?secret=S3Y0rnZa1U\" width=\"600\" height=\"338\" title=\"\u00ab\u00a0Doyen Soro Diop, rejoint haut, l\u2019au-del\u00e0 (Vid\u00e9o)\u00a0\u00bb &#8212; LE PUBLIC\" data-secret=\"S3Y0rnZa1U\" frameborder=\"0\" marginwidth=\"0\" marginheight=\"0\" scrolling=\"no\" class=\"wp-embedded-content\"><\/iframe><script>\n\/*! This file is auto-generated *\/\n!function(d,l){\"use strict\";l.querySelector&&d.addEventListener&&\"undefined\"!=typeof URL&&(d.wp=d.wp||{},d.wp.receiveEmbedMessage||(d.wp.receiveEmbedMessage=function(e){var t=e.data;if((t||t.secret||t.message||t.value)&&!\/[^a-zA-Z0-9]\/.test(t.secret)){for(var s,r,n,a=l.querySelectorAll('iframe[data-secret=\"'+t.secret+'\"]'),o=l.querySelectorAll('blockquote[data-secret=\"'+t.secret+'\"]'),c=new RegExp(\"^https?:$\",\"i\"),i=0;i<o.length;i++)o[i].style.display=\"none\";for(i=0;i<a.length;i++)s=a[i],e.source===s.contentWindow&&(s.removeAttribute(\"style\"),\"height\"===t.message?(1e3<(r=parseInt(t.value,10))?r=1e3:~~r<200&&(r=200),s.height=r):\"link\"===t.message&&(r=new URL(s.getAttribute(\"src\")),n=new URL(t.value),c.test(n.protocol))&&n.host===r.host&&l.activeElement===s&&(d.top.location.href=t.value))}},d.addEventListener(\"message\",d.wp.receiveEmbedMessage,!1),l.addEventListener(\"DOMContentLoaded\",function(){for(var e,t,s=l.querySelectorAll(\"iframe.wp-embedded-content\"),r=0;r<s.length;r++)(t=(e=s[r]).getAttribute(\"data-secret\"))||(t=Math.random().toString(36).substring(2,12),e.src+=\"#?secret=\"+t,e.setAttribute(\"data-secret\",t)),e.contentWindow.postMessage({message:\"ready\",secret:t},\"*\")},!1)))}(window,document);\n\/\/# sourceURL=https:\/\/www.public.sn\/wp-includes\/js\/wp-embed.min.js\n<\/script>\n","thumbnail_url":"https:\/\/www.public.sn\/wp-content\/uploads\/2022\/09\/WhatsApp-Image-2022-09-24-at-18.06.08.jpeg","thumbnail_width":1080,"thumbnail_height":607,"description":"Sa famille , ses amis et collaborateurs se sont r\u00e9unis \u00e0 l&rsquo;h\u00f4pital Principal o\u00f9 s&rsquo;est tenue la lev\u00e9e du corps, ce matin. Ils se souviennent du grand journaliste et philosophe qu&rsquo;il \u00e9tait. Mais \u00e9galement de l\u2019homme engag\u00e9. Ils le d\u00e9peignent comme un homme calme et gentil, plein de principe. Le journaliste est d\u00e9c\u00e9d\u00e9 des suites d&rsquo;un accident de la route non loin de BUNTU PIKINE, \u00e0 Dakar, ce vendredi soir. Soro Diop sera enterr\u00e9 \u00e0 Kan\u00e9l dans le Fouta. Tristesse et consternation \u00e0 l&rsquo;h\u00f4pital Principal de Dakar. Regardez."}

Doyen Soro Diop, rejoint haut, l’au-delà (Vidéo) - LE PUBLIC

<blockquote class="wp-embedded-content" data-secret="S3Y0rnZa1U"><a href="https://www.public.sn/index.php/2022/09/24/doyen-soro-diop-rejoint-haut-lau-dela-video/">Doyen Soro Diop, rejoint haut, l’au-delà (Vidéo)</a></blockquote><iframe sandbox="allow-scripts" security="restricted" src="https://www.public.sn/index.php/2022/09/24/doyen-soro-diop-rejoint-haut-lau-dela-video/embed/#?secret=S3Y0rnZa1U" width="600" height="338" title="« Doyen Soro Diop, rejoint haut, l’au-delà (Vidéo) » &#8212; LE PUBLIC" data-secret="S3Y0rnZa1U" frameborder="0" marginwidth="0" marginheight="0" scrolling="no" class="wp-embedded-content"></iframe><script>
/*! This file is auto-generated */
!function(d,l){"use strict";l.querySelector&&d.addEventListener&&"undefined"!=typeof URL&&(d.wp=d.wp||{},d.wp.receiveEmbedMessage||(d.wp.receiveEmbedMessage=function(e){var t=e.data;if((t||t.secret||t.message||t.value)&&!/[^a-zA-Z0-9]/.test(t.secret)){for(var s,r,n,a=l.querySelectorAll('iframe[data-secret="'+t.secret+'"]'),o=l.querySelectorAll('blockquote[data-secret="'+t.secret+'"]'),c=new RegExp("^https?:$","i"),i=0;i<o.length;i++)o[i].style.display="none";for(i=0;i<a.length;i++)s=a[i],e.source===s.contentWindow&&(s.removeAttribute("style"),"height"===t.message?(1e3<(r=parseInt(t.value,10))?r=1e3:~~r<200&&(r=200),s.height=r):"link"===t.message&&(r=new URL(s.getAttribute("src")),n=new URL(t.value),c.test(n.protocol))&&n.host===r.host&&l.activeElement===s&&(d.top.location.href=t.value))}},d.addEventListener("message",d.wp.receiveEmbedMessage,!1),l.addEventListener("DOMContentLoaded",function(){for(var e,t,s=l.querySelectorAll("iframe.wp-embedded-content"),r=0;r<s.length;r++)(t=(e=s[r]).getAttribute("data-secret"))||(t=Math.random().toString(36).substring(2,12),e.src+="#?secret="+t,e.setAttribute("data-secret",t)),e.contentWindow.postMessage({message:"ready",secret:t},"*")},!1)))}(window,document);
//# sourceURL=https://www.public.sn/wp-includes/js/wp-embed.min.js
</script>

Sa famille , ses amis et collaborateurs se sont réunis à l&rsquo;hôpital Principal où s&rsquo;est tenue la levée du corps, ce matin. Ils se souviennent du grand journaliste et philosophe qu&rsquo;il était. Mais également de l’homme engagé. Ils le dépeignent comme un homme calme et gentil, plein de principe. Le journaliste est décédé des suites d&rsquo;un accident de la route non loin de BUNTU PIKINE, à Dakar, ce vendredi soir. Soro Diop sera enterré à Kanél dans le Fouta. Tristesse et consternation à l&rsquo;hôpital Principal de Dakar. Regardez.
