{"version":"1.0","provider_name":"LE PUBLIC","provider_url":"https:\/\/www.public.sn","author_name":"LA REDACTION","author_url":"https:\/\/www.public.sn\/index.php\/author\/admin7324\/","title":"Le fils de Mariama Sarr roulait sans permis - LE PUBLIC","type":"rich","width":600,"height":338,"html":"<blockquote class=\"wp-embedded-content\" data-secret=\"8DYDQa9zGW\"><a href=\"https:\/\/www.public.sn\/index.php\/2022\/10\/03\/le-fils-de-mariama-sarr-roulait-sans-permis\/\">Le fils de Mariama Sarr roulait sans permis<\/a><\/blockquote><iframe sandbox=\"allow-scripts\" security=\"restricted\" src=\"https:\/\/www.public.sn\/index.php\/2022\/10\/03\/le-fils-de-mariama-sarr-roulait-sans-permis\/embed\/#?secret=8DYDQa9zGW\" width=\"600\" height=\"338\" title=\"\u00ab\u00a0Le fils de Mariama Sarr roulait sans permis\u00a0\u00bb &#8212; LE PUBLIC\" data-secret=\"8DYDQa9zGW\" frameborder=\"0\" marginwidth=\"0\" marginheight=\"0\" scrolling=\"no\" class=\"wp-embedded-content\"><\/iframe><script>\n\/*! This file is auto-generated *\/\n!function(d,l){\"use strict\";l.querySelector&&d.addEventListener&&\"undefined\"!=typeof URL&&(d.wp=d.wp||{},d.wp.receiveEmbedMessage||(d.wp.receiveEmbedMessage=function(e){var t=e.data;if((t||t.secret||t.message||t.value)&&!\/[^a-zA-Z0-9]\/.test(t.secret)){for(var s,r,n,a=l.querySelectorAll('iframe[data-secret=\"'+t.secret+'\"]'),o=l.querySelectorAll('blockquote[data-secret=\"'+t.secret+'\"]'),c=new RegExp(\"^https?:$\",\"i\"),i=0;i<o.length;i++)o[i].style.display=\"none\";for(i=0;i<a.length;i++)s=a[i],e.source===s.contentWindow&&(s.removeAttribute(\"style\"),\"height\"===t.message?(1e3<(r=parseInt(t.value,10))?r=1e3:~~r<200&&(r=200),s.height=r):\"link\"===t.message&&(r=new URL(s.getAttribute(\"src\")),n=new URL(t.value),c.test(n.protocol))&&n.host===r.host&&l.activeElement===s&&(d.top.location.href=t.value))}},d.addEventListener(\"message\",d.wp.receiveEmbedMessage,!1),l.addEventListener(\"DOMContentLoaded\",function(){for(var e,t,s=l.querySelectorAll(\"iframe.wp-embedded-content\"),r=0;r<s.length;r++)(t=(e=s[r]).getAttribute(\"data-secret\"))||(t=Math.random().toString(36).substring(2,12),e.src+=\"#?secret=\"+t,e.setAttribute(\"data-secret\",t)),e.contentWindow.postMessage({message:\"ready\",secret:t},\"*\")},!1)))}(window,document);\n\/\/# sourceURL=https:\/\/www.public.sn\/wp-includes\/js\/wp-embed.min.js\n<\/script>\n","thumbnail_url":"https:\/\/www.public.sn\/wp-content\/uploads\/2022\/10\/mariama_sarr_3-1.jpeg","thumbnail_width":800,"thumbnail_height":600,"description":"Le fils de Mariama Sarr qui a fauch\u00e9 un conducteur de moto sur la VDN puis un deuxi\u00e8me individu alors qu&rsquo;il prenait la fuite et endommag\u00e9 plusieurs v\u00e9hicules, est d\u00e9cid\u00e9ment un cas \u00e0 part. Lib\u00e9r\u00e9 vendredi sur convocation pour lundi comme nous l&rsquo;annoncions, il a \u00e9t\u00e9 tout simplement \u00ab\u00a0repris\u00a0\u00bb samedi puis plac\u00e9 en garde en vue. Sans doute apr\u00e8s le toll\u00e9 soulev\u00e9 par les r\u00e9v\u00e9lation de Lib\u00e9ration. Mais voil\u00e0, quelques heures plus tard, la mesure de garde en vue a \u00e9t\u00e9 lev\u00e9e et le bien heureux fils du ministre est convoqu\u00e9 ce lundi.Au-del\u00e0 des faits d\u00e9j\u00e0 r\u00e9v\u00e9l\u00e9s, Lib\u00e9ration a appris que Cheikh Sonhibou Mbaye, qui a bless\u00e9 deux individus dont un gravement et mis en danger la vie de plusieurs personnes, conduisait sans permis. Il assur\u00e9 aux enqu\u00eateurs en disposer mais il \u00e9tait dans l&rsquo;incapacit\u00e9 de sortir le document. Ce qui est d\u00e9ja une infraction p\u00e9nale."}

Le fils de Mariama Sarr qui a fauché un conducteur de moto sur la VDN puis un deuxième individu alors qu&rsquo;il prenait la fuite et endommagé plusieurs véhicules, est décidément un cas à part. Libéré vendredi sur convocation pour lundi comme nous l&rsquo;annoncions, il a été tout simplement « repris » samedi puis placé en garde en vue. Sans doute après le tollé soulevé par les révélation de Libération. Mais voilà, quelques heures plus tard, la mesure de garde en vue a été levée et le bien heureux fils du ministre est convoqué ce lundi.Au-delà des faits déjà révélés, Libération a appris que Cheikh Sonhibou Mbaye, qui a blessé deux individus dont un gravement et mis en danger la vie de plusieurs personnes, conduisait sans permis. Il assuré aux enquêteurs en disposer mais il était dans l&rsquo;incapacité de sortir le document. Ce qui est déja une infraction pénale.
