{"version":"1.0","provider_name":"LE PUBLIC","provider_url":"https:\/\/www.public.sn","author_name":"LA REDACTION","author_url":"https:\/\/www.public.sn\/index.php\/author\/admin7324\/","title":"UCAD : Les travailleurs reprennent service. - LE PUBLIC","type":"rich","width":600,"height":338,"html":"<blockquote class=\"wp-embedded-content\" data-secret=\"ehHhGsExrx\"><a href=\"https:\/\/www.public.sn\/index.php\/2022\/10\/12\/ucad-les-travailleurs-reprennent-service\/\">UCAD : Les travailleurs reprennent service.<\/a><\/blockquote><iframe sandbox=\"allow-scripts\" security=\"restricted\" src=\"https:\/\/www.public.sn\/index.php\/2022\/10\/12\/ucad-les-travailleurs-reprennent-service\/embed\/#?secret=ehHhGsExrx\" width=\"600\" height=\"338\" title=\"\u00ab\u00a0UCAD : Les travailleurs reprennent service.\u00a0\u00bb &#8212; LE PUBLIC\" data-secret=\"ehHhGsExrx\" frameborder=\"0\" marginwidth=\"0\" marginheight=\"0\" scrolling=\"no\" class=\"wp-embedded-content\"><\/iframe><script>\n\/*! This file is auto-generated *\/\n!function(d,l){\"use strict\";l.querySelector&&d.addEventListener&&\"undefined\"!=typeof URL&&(d.wp=d.wp||{},d.wp.receiveEmbedMessage||(d.wp.receiveEmbedMessage=function(e){var t=e.data;if((t||t.secret||t.message||t.value)&&!\/[^a-zA-Z0-9]\/.test(t.secret)){for(var s,r,n,a=l.querySelectorAll('iframe[data-secret=\"'+t.secret+'\"]'),o=l.querySelectorAll('blockquote[data-secret=\"'+t.secret+'\"]'),c=new RegExp(\"^https?:$\",\"i\"),i=0;i<o.length;i++)o[i].style.display=\"none\";for(i=0;i<a.length;i++)s=a[i],e.source===s.contentWindow&&(s.removeAttribute(\"style\"),\"height\"===t.message?(1e3<(r=parseInt(t.value,10))?r=1e3:~~r<200&&(r=200),s.height=r):\"link\"===t.message&&(r=new URL(s.getAttribute(\"src\")),n=new URL(t.value),c.test(n.protocol))&&n.host===r.host&&l.activeElement===s&&(d.top.location.href=t.value))}},d.addEventListener(\"message\",d.wp.receiveEmbedMessage,!1),l.addEventListener(\"DOMContentLoaded\",function(){for(var e,t,s=l.querySelectorAll(\"iframe.wp-embedded-content\"),r=0;r<s.length;r++)(t=(e=s[r]).getAttribute(\"data-secret\"))||(t=Math.random().toString(36).substring(2,12),e.src+=\"#?secret=\"+t,e.setAttribute(\"data-secret\",t)),e.contentWindow.postMessage({message:\"ready\",secret:t},\"*\")},!1)))}(window,document);\n\/\/# sourceURL=https:\/\/www.public.sn\/wp-includes\/js\/wp-embed.min.js\n<\/script>\n","thumbnail_url":"https:\/\/www.public.sn\/wp-content\/uploads\/2022\/10\/87d32bb023918b6e3c43525df8ac5b9b6480a8ec-758x369-1.jpg","thumbnail_width":758,"thumbnail_height":369,"description":"Le collectif des travailleurs des universit\u00e9s suspendent leur mouvement d\u2019humeur jusqu\u2019au 25 Octobre. Une d\u00e9cision motiv\u00e9e par leur rencontre de ce Mardi avec le ministre de l\u2019enseignement sup\u00e9rieur et de la Recherche et de l\u2019innovation. Ces travailleurs disent avoir espoir du nouveau ministre pour la r\u00e9solution de leur revendication. Des rencontres sont pr\u00e9vues pour le 18 et le 20 Octobre avec le ministre Pr Moussa Bald\u00e9. Des accords ont \u00e9t\u00e9 trouv\u00e9s entre les deux parties et les travailleurs esp\u00e8rent que pour cette fois ci ces accords vont \u00eatre respect\u00e9s. Samba SY."}

Le collectif des travailleurs des universités suspendent leur mouvement d’humeur jusqu’au 25 Octobre. Une décision motivée par leur rencontre de ce Mardi avec le ministre de l’enseignement supérieur et de la Recherche et de l’innovation. Ces travailleurs disent avoir espoir du nouveau ministre pour la résolution de leur revendication. Des rencontres sont prévues pour le 18 et le 20 Octobre avec le ministre Pr Moussa Baldé. Des accords ont été trouvés entre les deux parties et les travailleurs espèrent que pour cette fois ci ces accords vont être respectés. Samba SY.
