{"version":"1.0","provider_name":"LE PUBLIC","provider_url":"https:\/\/www.public.sn","author_name":"LA REDACTION","author_url":"https:\/\/www.public.sn\/index.php\/author\/editeurpsn\/","title":"Doudou Coulibaly condamne l'acharnement contre Sonko. - LE PUBLIC","type":"rich","width":600,"height":338,"html":"<blockquote class=\"wp-embedded-content\" data-secret=\"q6tQZum9e8\"><a href=\"https:\/\/www.public.sn\/index.php\/2022\/10\/18\/5103\/\">Doudou Coulibaly condamne l&rsquo;acharnement contre Sonko.<\/a><\/blockquote><iframe sandbox=\"allow-scripts\" security=\"restricted\" src=\"https:\/\/www.public.sn\/index.php\/2022\/10\/18\/5103\/embed\/#?secret=q6tQZum9e8\" width=\"600\" height=\"338\" title=\"\u00ab\u00a0Doudou Coulibaly condamne l&rsquo;acharnement contre Sonko.\u00a0\u00bb &#8212; LE PUBLIC\" data-secret=\"q6tQZum9e8\" frameborder=\"0\" marginwidth=\"0\" marginheight=\"0\" scrolling=\"no\" class=\"wp-embedded-content\"><\/iframe><script>\n\/*! This file is auto-generated *\/\n!function(d,l){\"use strict\";l.querySelector&&d.addEventListener&&\"undefined\"!=typeof URL&&(d.wp=d.wp||{},d.wp.receiveEmbedMessage||(d.wp.receiveEmbedMessage=function(e){var t=e.data;if((t||t.secret||t.message||t.value)&&!\/[^a-zA-Z0-9]\/.test(t.secret)){for(var s,r,n,a=l.querySelectorAll('iframe[data-secret=\"'+t.secret+'\"]'),o=l.querySelectorAll('blockquote[data-secret=\"'+t.secret+'\"]'),c=new RegExp(\"^https?:$\",\"i\"),i=0;i<o.length;i++)o[i].style.display=\"none\";for(i=0;i<a.length;i++)s=a[i],e.source===s.contentWindow&&(s.removeAttribute(\"style\"),\"height\"===t.message?(1e3<(r=parseInt(t.value,10))?r=1e3:~~r<200&&(r=200),s.height=r):\"link\"===t.message&&(r=new URL(s.getAttribute(\"src\")),n=new URL(t.value),c.test(n.protocol))&&n.host===r.host&&l.activeElement===s&&(d.top.location.href=t.value))}},d.addEventListener(\"message\",d.wp.receiveEmbedMessage,!1),l.addEventListener(\"DOMContentLoaded\",function(){for(var e,t,s=l.querySelectorAll(\"iframe.wp-embedded-content\"),r=0;r<s.length;r++)(t=(e=s[r]).getAttribute(\"data-secret\"))||(t=Math.random().toString(36).substring(2,12),e.src+=\"#?secret=\"+t,e.setAttribute(\"data-secret\",t)),e.contentWindow.postMessage({message:\"ready\",secret:t},\"*\")},!1)))}(window,document);\n\/\/# sourceURL=https:\/\/www.public.sn\/wp-includes\/js\/wp-embed.min.js\n<\/script>\n","thumbnail_url":"https:\/\/www.public.sn\/wp-content\/uploads\/2022\/10\/doudou-coulibaly.jpg","thumbnail_width":960,"thumbnail_height":635,"description":"Le chroniqueur Doudou Coulibaly dit ne pas comprendre cet acharnement contre le leader du Pastef. Sur le motif d\u2019attroupement ou de trouble \u00e0 l\u2019ordre public, ces arguments ne tiennent pas. Il rappelle que si Me Abdoulaye Wade avait adopt\u00e9 la m\u00eame attitude, Macky Sall ne serait pas pr\u00e9sident de la R\u00e9publique. Et tout ceci est peine perdue car contribue \u00e0 le rendre plus populaire. Celui-ci rappelle que souvent ces genres de comportements mettent plus en valeur l\u2019adversaire politique qu\u2019on essaie d\u2019\u00e9carter. Par ailleurs Doudou Coulibaly estime que ce \u00ab&nbsp;N\u00e9m\u00e9kou Tour&nbsp;\u00bb est une bonne initiative car il est en train de faire le \u00ab\u00a0buzz\u00a0\u00bb. Suivez son analyse avec Publicsn. Maimouna Diallo"}

Le chroniqueur Doudou Coulibaly dit ne pas comprendre cet acharnement contre le leader du Pastef. Sur le motif d’attroupement ou de trouble à l’ordre public, ces arguments ne tiennent pas. Il rappelle que si Me Abdoulaye Wade avait adopté la même attitude, Macky Sall ne serait pas président de la République. Et tout ceci est peine perdue car contribue à le rendre plus populaire. Celui-ci rappelle que souvent ces genres de comportements mettent plus en valeur l’adversaire politique qu’on essaie d’écarter. Par ailleurs Doudou Coulibaly estime que ce «&nbsp;Némékou Tour&nbsp;» est une bonne initiative car il est en train de faire le « buzz ». Suivez son analyse avec Publicsn. Maimouna Diallo
