{"version":"1.0","provider_name":"LE PUBLIC","provider_url":"https:\/\/www.public.sn","author_name":"LA REDACTION","author_url":"https:\/\/www.public.sn\/index.php\/author\/editeurpsn\/","title":"Affaire Armement : Abass Fall saisit l'Assembl\u00e9e Nationale. - LE PUBLIC","type":"rich","width":600,"height":338,"html":"<blockquote class=\"wp-embedded-content\" data-secret=\"Sebwyd5gdb\"><a href=\"https:\/\/www.public.sn\/index.php\/2022\/10\/28\/affaire-armement-abass-fall-saisit-lassemblee-nationale\/\">Affaire Armement : Abass Fall saisit l&rsquo;Assembl\u00e9e Nationale.<\/a><\/blockquote><iframe sandbox=\"allow-scripts\" security=\"restricted\" src=\"https:\/\/www.public.sn\/index.php\/2022\/10\/28\/affaire-armement-abass-fall-saisit-lassemblee-nationale\/embed\/#?secret=Sebwyd5gdb\" width=\"600\" height=\"338\" title=\"\u00ab\u00a0Affaire Armement : Abass Fall saisit l&rsquo;Assembl\u00e9e Nationale.\u00a0\u00bb &#8212; LE PUBLIC\" data-secret=\"Sebwyd5gdb\" frameborder=\"0\" marginwidth=\"0\" marginheight=\"0\" scrolling=\"no\" class=\"wp-embedded-content\"><\/iframe><script>\n\/*! This file is auto-generated *\/\n!function(d,l){\"use strict\";l.querySelector&&d.addEventListener&&\"undefined\"!=typeof URL&&(d.wp=d.wp||{},d.wp.receiveEmbedMessage||(d.wp.receiveEmbedMessage=function(e){var t=e.data;if((t||t.secret||t.message||t.value)&&!\/[^a-zA-Z0-9]\/.test(t.secret)){for(var s,r,n,a=l.querySelectorAll('iframe[data-secret=\"'+t.secret+'\"]'),o=l.querySelectorAll('blockquote[data-secret=\"'+t.secret+'\"]'),c=new RegExp(\"^https?:$\",\"i\"),i=0;i<o.length;i++)o[i].style.display=\"none\";for(i=0;i<a.length;i++)s=a[i],e.source===s.contentWindow&&(s.removeAttribute(\"style\"),\"height\"===t.message?(1e3<(r=parseInt(t.value,10))?r=1e3:~~r<200&&(r=200),s.height=r):\"link\"===t.message&&(r=new URL(s.getAttribute(\"src\")),n=new URL(t.value),c.test(n.protocol))&&n.host===r.host&&l.activeElement===s&&(d.top.location.href=t.value))}},d.addEventListener(\"message\",d.wp.receiveEmbedMessage,!1),l.addEventListener(\"DOMContentLoaded\",function(){for(var e,t,s=l.querySelectorAll(\"iframe.wp-embedded-content\"),r=0;r<s.length;r++)(t=(e=s[r]).getAttribute(\"data-secret\"))||(t=Math.random().toString(36).substring(2,12),e.src+=\"#?secret=\"+t,e.setAttribute(\"data-secret\",t)),e.contentWindow.postMessage({message:\"ready\",secret:t},\"*\")},!1)))}(window,document);\n\/\/# sourceURL=https:\/\/www.public.sn\/wp-includes\/js\/wp-embed.min.js\n<\/script>\n","thumbnail_url":"https:\/\/www.public.sn\/wp-content\/uploads\/2022\/10\/aa-9.jpg","thumbnail_width":674,"thumbnail_height":393,"description":"\u00abJe viens en vertu de l&rsquo;article 48 du r\u00e8glement int\u00e9rieur de l&rsquo;assembl\u00e9e nationale vous saisir pour l&rsquo;ouverture d&rsquo;une enqu\u00eate parlementaire portant sur un contrat secret de plus de 45 Milliards sign\u00e9 par les ministres de l&rsquo;environnement et des Finances d&rsquo;alors en l&rsquo;occurrence Abdou Karim Sall et Abdoulaye Daouda DIALLO en d\u00e9cembre 2021\u00bb, souligne le document adress\u00e9 \u00e0 Dr Amadou Mame Diop, le pr\u00e9sident de l\u2019Assembl\u00e9e nationale. Abass Fall estime que ce contrat, qui a \u00e9t\u00e9 sign\u00e9 avec un homme d&rsquo;affaires nig\u00e9rian douteux du nom de Abuubakar Hima dit \u00ab Petit Boube\u00bb, \u00ab constitue une n\u00e9buleuse qu&rsquo;il faudra clarifier pour que les s\u00e9n\u00e9galais soient \u00e9difi\u00e9s sur cette affaire qui d\u00e9fraie la chronique depuis quelques jours.\u00bb Samba SY."}

Affaire Armement : Abass Fall saisit l'Assemblée Nationale. - LE PUBLIC

<blockquote class="wp-embedded-content" data-secret="Sebwyd5gdb"><a href="https://www.public.sn/index.php/2022/10/28/affaire-armement-abass-fall-saisit-lassemblee-nationale/">Affaire Armement : Abass Fall saisit l&rsquo;Assemblée Nationale.</a></blockquote><iframe sandbox="allow-scripts" security="restricted" src="https://www.public.sn/index.php/2022/10/28/affaire-armement-abass-fall-saisit-lassemblee-nationale/embed/#?secret=Sebwyd5gdb" width="600" height="338" title="« Affaire Armement : Abass Fall saisit l&rsquo;Assemblée Nationale. » &#8212; LE PUBLIC" data-secret="Sebwyd5gdb" frameborder="0" marginwidth="0" marginheight="0" scrolling="no" class="wp-embedded-content"></iframe><script>
/*! This file is auto-generated */
!function(d,l){"use strict";l.querySelector&&d.addEventListener&&"undefined"!=typeof URL&&(d.wp=d.wp||{},d.wp.receiveEmbedMessage||(d.wp.receiveEmbedMessage=function(e){var t=e.data;if((t||t.secret||t.message||t.value)&&!/[^a-zA-Z0-9]/.test(t.secret)){for(var s,r,n,a=l.querySelectorAll('iframe[data-secret="'+t.secret+'"]'),o=l.querySelectorAll('blockquote[data-secret="'+t.secret+'"]'),c=new RegExp("^https?:$","i"),i=0;i<o.length;i++)o[i].style.display="none";for(i=0;i<a.length;i++)s=a[i],e.source===s.contentWindow&&(s.removeAttribute("style"),"height"===t.message?(1e3<(r=parseInt(t.value,10))?r=1e3:~~r<200&&(r=200),s.height=r):"link"===t.message&&(r=new URL(s.getAttribute("src")),n=new URL(t.value),c.test(n.protocol))&&n.host===r.host&&l.activeElement===s&&(d.top.location.href=t.value))}},d.addEventListener("message",d.wp.receiveEmbedMessage,!1),l.addEventListener("DOMContentLoaded",function(){for(var e,t,s=l.querySelectorAll("iframe.wp-embedded-content"),r=0;r<s.length;r++)(t=(e=s[r]).getAttribute("data-secret"))||(t=Math.random().toString(36).substring(2,12),e.src+="#?secret="+t,e.setAttribute("data-secret",t)),e.contentWindow.postMessage({message:"ready",secret:t},"*")},!1)))}(window,document);
//# sourceURL=https://www.public.sn/wp-includes/js/wp-embed.min.js
</script>

«Je viens en vertu de l&rsquo;article 48 du règlement intérieur de l&rsquo;assemblée nationale vous saisir pour l&rsquo;ouverture d&rsquo;une enquête parlementaire portant sur un contrat secret de plus de 45 Milliards signé par les ministres de l&rsquo;environnement et des Finances d&rsquo;alors en l&rsquo;occurrence Abdou Karim Sall et Abdoulaye Daouda DIALLO en décembre 2021», souligne le document adressé à Dr Amadou Mame Diop, le président de l’Assemblée nationale. Abass Fall estime que ce contrat, qui a été signé avec un homme d&rsquo;affaires nigérian douteux du nom de Abuubakar Hima dit « Petit Boube», « constitue une nébuleuse qu&rsquo;il faudra clarifier pour que les sénégalais soient édifiés sur cette affaire qui défraie la chronique depuis quelques jours.» Samba SY.
