{"version":"1.0","provider_name":"LE PUBLIC","provider_url":"https:\/\/www.public.sn","author_name":"LA REDACTION","author_url":"https:\/\/www.public.sn\/index.php\/author\/editeurpsn\/","title":"3e mandat : Mimi Tour\u00e9 revient \u00e0 la charge. - LE PUBLIC","type":"rich","width":600,"height":338,"html":"<blockquote class=\"wp-embedded-content\" data-secret=\"POIi9v3TE4\"><a href=\"https:\/\/www.public.sn\/index.php\/2022\/11\/15\/3e-mandat-mimi-toure-revient-a-la-charge\/\">3e mandat : Mimi Tour\u00e9 revient \u00e0 la charge.<\/a><\/blockquote><iframe sandbox=\"allow-scripts\" security=\"restricted\" src=\"https:\/\/www.public.sn\/index.php\/2022\/11\/15\/3e-mandat-mimi-toure-revient-a-la-charge\/embed\/#?secret=POIi9v3TE4\" width=\"600\" height=\"338\" title=\"\u00ab\u00a03e mandat : Mimi Tour\u00e9 revient \u00e0 la charge.\u00a0\u00bb &#8212; LE PUBLIC\" data-secret=\"POIi9v3TE4\" frameborder=\"0\" marginwidth=\"0\" marginheight=\"0\" scrolling=\"no\" class=\"wp-embedded-content\"><\/iframe><script>\n\/*! This file is auto-generated *\/\n!function(d,l){\"use strict\";l.querySelector&&d.addEventListener&&\"undefined\"!=typeof URL&&(d.wp=d.wp||{},d.wp.receiveEmbedMessage||(d.wp.receiveEmbedMessage=function(e){var t=e.data;if((t||t.secret||t.message||t.value)&&!\/[^a-zA-Z0-9]\/.test(t.secret)){for(var s,r,n,a=l.querySelectorAll('iframe[data-secret=\"'+t.secret+'\"]'),o=l.querySelectorAll('blockquote[data-secret=\"'+t.secret+'\"]'),c=new RegExp(\"^https?:$\",\"i\"),i=0;i<o.length;i++)o[i].style.display=\"none\";for(i=0;i<a.length;i++)s=a[i],e.source===s.contentWindow&&(s.removeAttribute(\"style\"),\"height\"===t.message?(1e3<(r=parseInt(t.value,10))?r=1e3:~~r<200&&(r=200),s.height=r):\"link\"===t.message&&(r=new URL(s.getAttribute(\"src\")),n=new URL(t.value),c.test(n.protocol))&&n.host===r.host&&l.activeElement===s&&(d.top.location.href=t.value))}},d.addEventListener(\"message\",d.wp.receiveEmbedMessage,!1),l.addEventListener(\"DOMContentLoaded\",function(){for(var e,t,s=l.querySelectorAll(\"iframe.wp-embedded-content\"),r=0;r<s.length;r++)(t=(e=s[r]).getAttribute(\"data-secret\"))||(t=Math.random().toString(36).substring(2,12),e.src+=\"#?secret=\"+t,e.setAttribute(\"data-secret\",t)),e.contentWindow.postMessage({message:\"ready\",secret:t},\"*\")},!1)))}(window,document);\n\/\/# sourceURL=https:\/\/www.public.sn\/wp-includes\/js\/wp-embed.min.js\n<\/script>\n","thumbnail_url":"https:\/\/www.public.sn\/wp-content\/uploads\/2022\/11\/MIMI-MACKY.jpg","thumbnail_width":317,"thumbnail_height":159,"description":"Aminata Tour\u00e9, ancienne Premier ministre du S\u00e9n\u00e9gal a invit\u00e9 le pr\u00e9sident de la R\u00e9publique du S\u00e9n\u00e9gal Macky Sall, de donner l\u2019exemple sur la question du 3e mandat. Selon Mimi, nos pays doivent avoir des institutions que tout le monde doit respecter, \u00e0 commencer par le S\u00e9n\u00e9gal. Elle a pr\u00e9cis\u00e9 que dans les pays o\u00f9 il y a des coups d\u2019Etat, c\u2019est le produit d\u2019une \u00ab mauvaise gouvernance \u00bb. Elle s\u2019exprimait lors de la 7e \u00e9dition du Symposium annuel de Gor\u00e9e Institute, ce mardi \u00e0 l\u2019\u00cele de Gor\u00e9e."}

3e mandat : Mimi Touré revient à la charge. - LE PUBLIC

<blockquote class="wp-embedded-content" data-secret="POIi9v3TE4"><a href="https://www.public.sn/index.php/2022/11/15/3e-mandat-mimi-toure-revient-a-la-charge/">3e mandat : Mimi Touré revient à la charge.</a></blockquote><iframe sandbox="allow-scripts" security="restricted" src="https://www.public.sn/index.php/2022/11/15/3e-mandat-mimi-toure-revient-a-la-charge/embed/#?secret=POIi9v3TE4" width="600" height="338" title="« 3e mandat : Mimi Touré revient à la charge. » &#8212; LE PUBLIC" data-secret="POIi9v3TE4" frameborder="0" marginwidth="0" marginheight="0" scrolling="no" class="wp-embedded-content"></iframe><script>
/*! This file is auto-generated */
!function(d,l){"use strict";l.querySelector&&d.addEventListener&&"undefined"!=typeof URL&&(d.wp=d.wp||{},d.wp.receiveEmbedMessage||(d.wp.receiveEmbedMessage=function(e){var t=e.data;if((t||t.secret||t.message||t.value)&&!/[^a-zA-Z0-9]/.test(t.secret)){for(var s,r,n,a=l.querySelectorAll('iframe[data-secret="'+t.secret+'"]'),o=l.querySelectorAll('blockquote[data-secret="'+t.secret+'"]'),c=new RegExp("^https?:$","i"),i=0;i<o.length;i++)o[i].style.display="none";for(i=0;i<a.length;i++)s=a[i],e.source===s.contentWindow&&(s.removeAttribute("style"),"height"===t.message?(1e3<(r=parseInt(t.value,10))?r=1e3:~~r<200&&(r=200),s.height=r):"link"===t.message&&(r=new URL(s.getAttribute("src")),n=new URL(t.value),c.test(n.protocol))&&n.host===r.host&&l.activeElement===s&&(d.top.location.href=t.value))}},d.addEventListener("message",d.wp.receiveEmbedMessage,!1),l.addEventListener("DOMContentLoaded",function(){for(var e,t,s=l.querySelectorAll("iframe.wp-embedded-content"),r=0;r<s.length;r++)(t=(e=s[r]).getAttribute("data-secret"))||(t=Math.random().toString(36).substring(2,12),e.src+="#?secret="+t,e.setAttribute("data-secret",t)),e.contentWindow.postMessage({message:"ready",secret:t},"*")},!1)))}(window,document);
//# sourceURL=https://www.public.sn/wp-includes/js/wp-embed.min.js
</script>

Aminata Touré, ancienne Premier ministre du Sénégal a invité le président de la République du Sénégal Macky Sall, de donner l’exemple sur la question du 3e mandat. Selon Mimi, nos pays doivent avoir des institutions que tout le monde doit respecter, à commencer par le Sénégal. Elle a précisé que dans les pays où il y a des coups d’Etat, c’est le produit d’une « mauvaise gouvernance ». Elle s’exprimait lors de la 7e édition du Symposium annuel de Gorée Institute, ce mardi à l’Île de Gorée.
