{"version":"1.0","provider_name":"LE PUBLIC","provider_url":"https:\/\/www.public.sn","author_name":"LA REDACTION","author_url":"https:\/\/www.public.sn\/index.php\/author\/editeurpsn\/","title":"Qatar\u00a0: La participation de Benzema compromise. - LE PUBLIC","type":"rich","width":600,"height":338,"html":"<blockquote class=\"wp-embedded-content\" data-secret=\"Cbg76JVyiv\"><a href=\"https:\/\/www.public.sn\/index.php\/2022\/11\/19\/qatar-la-participation-de-benzema-compromise\/\">Qatar\u00a0: La participation de Benzema compromise.<\/a><\/blockquote><iframe sandbox=\"allow-scripts\" security=\"restricted\" src=\"https:\/\/www.public.sn\/index.php\/2022\/11\/19\/qatar-la-participation-de-benzema-compromise\/embed\/#?secret=Cbg76JVyiv\" width=\"600\" height=\"338\" title=\"\u00ab\u00a0Qatar\u00a0: La participation de Benzema compromise.\u00a0\u00bb &#8212; LE PUBLIC\" data-secret=\"Cbg76JVyiv\" frameborder=\"0\" marginwidth=\"0\" marginheight=\"0\" scrolling=\"no\" class=\"wp-embedded-content\"><\/iframe><script>\n\/*! This file is auto-generated *\/\n!function(d,l){\"use strict\";l.querySelector&&d.addEventListener&&\"undefined\"!=typeof URL&&(d.wp=d.wp||{},d.wp.receiveEmbedMessage||(d.wp.receiveEmbedMessage=function(e){var t=e.data;if((t||t.secret||t.message||t.value)&&!\/[^a-zA-Z0-9]\/.test(t.secret)){for(var s,r,n,a=l.querySelectorAll('iframe[data-secret=\"'+t.secret+'\"]'),o=l.querySelectorAll('blockquote[data-secret=\"'+t.secret+'\"]'),c=new RegExp(\"^https?:$\",\"i\"),i=0;i<o.length;i++)o[i].style.display=\"none\";for(i=0;i<a.length;i++)s=a[i],e.source===s.contentWindow&&(s.removeAttribute(\"style\"),\"height\"===t.message?(1e3<(r=parseInt(t.value,10))?r=1e3:~~r<200&&(r=200),s.height=r):\"link\"===t.message&&(r=new URL(s.getAttribute(\"src\")),n=new URL(t.value),c.test(n.protocol))&&n.host===r.host&&l.activeElement===s&&(d.top.location.href=t.value))}},d.addEventListener(\"message\",d.wp.receiveEmbedMessage,!1),l.addEventListener(\"DOMContentLoaded\",function(){for(var e,t,s=l.querySelectorAll(\"iframe.wp-embedded-content\"),r=0;r<s.length;r++)(t=(e=s[r]).getAttribute(\"data-secret\"))||(t=Math.random().toString(36).substring(2,12),e.src+=\"#?secret=\"+t,e.setAttribute(\"data-secret\",t)),e.contentWindow.postMessage({message:\"ready\",secret:t},\"*\")},!1)))}(window,document);\n\/\/# sourceURL=https:\/\/www.public.sn\/wp-includes\/js\/wp-embed.min.js\n<\/script>\n","thumbnail_url":"https:\/\/www.public.sn\/wp-content\/uploads\/2022\/11\/karim-benzema.jpg","thumbnail_width":711,"thumbnail_height":425,"description":"Si la nouvelle se confirme, ce serait un coup dur pour la France. En effet, des informations font \u00e9tat d\u2019une blessure de Karim Benzema. Le joueur du Real Madrid n\u2019aurait pas termin\u00e9 les entrainements. C\u2019\u00e9tait d\u2019ailleurs la premi\u00e8re fois qu\u2019il participait aux entrainements collectifs car il \u00e9tait l\u00e9g\u00e8rement bless\u00e9 lors de sa convocation par Didier Deschamps. Cette nouvelle blessure pourrait remettre en cause sa participation \u00e0 la coupe du monde. Samba SY."}

Si la nouvelle se confirme, ce serait un coup dur pour la France. En effet, des informations font état d’une blessure de Karim Benzema. Le joueur du Real Madrid n’aurait pas terminé les entrainements. C’était d’ailleurs la première fois qu’il participait aux entrainements collectifs car il était légèrement blessé lors de sa convocation par Didier Deschamps. Cette nouvelle blessure pourrait remettre en cause sa participation à la coupe du monde. Samba SY.
