{"version":"1.0","provider_name":"LE PUBLIC","provider_url":"https:\/\/www.public.sn","author_name":"LA REDACTION","author_url":"https:\/\/www.public.sn\/index.php\/author\/editeurpsn\/","title":"Qatar\u00a0: S\u00e9n\u00e9gal\/ Pays Bas, un novice au sifflet. - LE PUBLIC","type":"rich","width":600,"height":338,"html":"<blockquote class=\"wp-embedded-content\" data-secret=\"WJwOSalBnz\"><a href=\"https:\/\/www.public.sn\/index.php\/2022\/11\/19\/qatar-senegal-pays-bas-un-novice-au-sifflet\/\">Qatar\u00a0: S\u00e9n\u00e9gal\/ Pays Bas, un novice au sifflet.<\/a><\/blockquote><iframe sandbox=\"allow-scripts\" security=\"restricted\" src=\"https:\/\/www.public.sn\/index.php\/2022\/11\/19\/qatar-senegal-pays-bas-un-novice-au-sifflet\/embed\/#?secret=WJwOSalBnz\" width=\"600\" height=\"338\" title=\"\u00ab\u00a0Qatar\u00a0: S\u00e9n\u00e9gal\/ Pays Bas, un novice au sifflet.\u00a0\u00bb &#8212; LE PUBLIC\" data-secret=\"WJwOSalBnz\" frameborder=\"0\" marginwidth=\"0\" marginheight=\"0\" scrolling=\"no\" class=\"wp-embedded-content\"><\/iframe><script>\n\/*! This file is auto-generated *\/\n!function(d,l){\"use strict\";l.querySelector&&d.addEventListener&&\"undefined\"!=typeof URL&&(d.wp=d.wp||{},d.wp.receiveEmbedMessage||(d.wp.receiveEmbedMessage=function(e){var t=e.data;if((t||t.secret||t.message||t.value)&&!\/[^a-zA-Z0-9]\/.test(t.secret)){for(var s,r,n,a=l.querySelectorAll('iframe[data-secret=\"'+t.secret+'\"]'),o=l.querySelectorAll('blockquote[data-secret=\"'+t.secret+'\"]'),c=new RegExp(\"^https?:$\",\"i\"),i=0;i<o.length;i++)o[i].style.display=\"none\";for(i=0;i<a.length;i++)s=a[i],e.source===s.contentWindow&&(s.removeAttribute(\"style\"),\"height\"===t.message?(1e3<(r=parseInt(t.value,10))?r=1e3:~~r<200&&(r=200),s.height=r):\"link\"===t.message&&(r=new URL(s.getAttribute(\"src\")),n=new URL(t.value),c.test(n.protocol))&&n.host===r.host&&l.activeElement===s&&(d.top.location.href=t.value))}},d.addEventListener(\"message\",d.wp.receiveEmbedMessage,!1),l.addEventListener(\"DOMContentLoaded\",function(){for(var e,t,s=l.querySelectorAll(\"iframe.wp-embedded-content\"),r=0;r<s.length;r++)(t=(e=s[r]).getAttribute(\"data-secret\"))||(t=Math.random().toString(36).substring(2,12),e.src+=\"#?secret=\"+t,e.setAttribute(\"data-secret\",t)),e.contentWindow.postMessage({message:\"ready\",secret:t},\"*\")},!1)))}(window,document);\n\/\/# sourceURL=https:\/\/www.public.sn\/wp-includes\/js\/wp-embed.min.js\n<\/script>\n","thumbnail_url":"https:\/\/www.public.sn\/wp-content\/uploads\/2022\/11\/wilson.webp","thumbnail_width":640,"thumbnail_height":400,"description":"L\u2019arbitre br\u00e9silien Wilton Pereira Sampaio va diriger son tout premier match en tant qu\u2019arbitre principal dans une phase finale de Coupe du Monde lors du face-\u00e0-face entre les Champions d\u2019Afrique et les Oranje n\u00e9erlandais. Il sera assist\u00e9 \u00a0par ses compatriotes Bruno Pires et Bruno Boschillia. L\u2019Uruguayen Matias Matonte Cabrera va compl\u00e9ter le trio arbitral. A la VAR, il y\u00a0 aura le V\u00e9n\u00e9zu\u00e9lien Juan Soto qui sera assist\u00e9 par le Combien Nicolas Gallo. Novice dans l\u2019arbitrage sur le terrain \u00e0 40 ans, Wilton Pereira est \u00e0 sa seconde Coupe du Monde mais en Russie, il \u00e9tait \u00e0 la VAR. Samba SY."}

Qatar : Sénégal/ Pays Bas, un novice au sifflet. - LE PUBLIC

<blockquote class="wp-embedded-content" data-secret="WJwOSalBnz"><a href="https://www.public.sn/index.php/2022/11/19/qatar-senegal-pays-bas-un-novice-au-sifflet/">Qatar : Sénégal/ Pays Bas, un novice au sifflet.</a></blockquote><iframe sandbox="allow-scripts" security="restricted" src="https://www.public.sn/index.php/2022/11/19/qatar-senegal-pays-bas-un-novice-au-sifflet/embed/#?secret=WJwOSalBnz" width="600" height="338" title="« Qatar : Sénégal/ Pays Bas, un novice au sifflet. » &#8212; LE PUBLIC" data-secret="WJwOSalBnz" frameborder="0" marginwidth="0" marginheight="0" scrolling="no" class="wp-embedded-content"></iframe><script>
/*! This file is auto-generated */
!function(d,l){"use strict";l.querySelector&&d.addEventListener&&"undefined"!=typeof URL&&(d.wp=d.wp||{},d.wp.receiveEmbedMessage||(d.wp.receiveEmbedMessage=function(e){var t=e.data;if((t||t.secret||t.message||t.value)&&!/[^a-zA-Z0-9]/.test(t.secret)){for(var s,r,n,a=l.querySelectorAll('iframe[data-secret="'+t.secret+'"]'),o=l.querySelectorAll('blockquote[data-secret="'+t.secret+'"]'),c=new RegExp("^https?:$","i"),i=0;i<o.length;i++)o[i].style.display="none";for(i=0;i<a.length;i++)s=a[i],e.source===s.contentWindow&&(s.removeAttribute("style"),"height"===t.message?(1e3<(r=parseInt(t.value,10))?r=1e3:~~r<200&&(r=200),s.height=r):"link"===t.message&&(r=new URL(s.getAttribute("src")),n=new URL(t.value),c.test(n.protocol))&&n.host===r.host&&l.activeElement===s&&(d.top.location.href=t.value))}},d.addEventListener("message",d.wp.receiveEmbedMessage,!1),l.addEventListener("DOMContentLoaded",function(){for(var e,t,s=l.querySelectorAll("iframe.wp-embedded-content"),r=0;r<s.length;r++)(t=(e=s[r]).getAttribute("data-secret"))||(t=Math.random().toString(36).substring(2,12),e.src+="#?secret="+t,e.setAttribute("data-secret",t)),e.contentWindow.postMessage({message:"ready",secret:t},"*")},!1)))}(window,document);
//# sourceURL=https://www.public.sn/wp-includes/js/wp-embed.min.js
</script>

L’arbitre brésilien Wilton Pereira Sampaio va diriger son tout premier match en tant qu’arbitre principal dans une phase finale de Coupe du Monde lors du face-à-face entre les Champions d’Afrique et les Oranje néerlandais. Il sera assisté  par ses compatriotes Bruno Pires et Bruno Boschillia. L’Uruguayen Matias Matonte Cabrera va compléter le trio arbitral. A la VAR, il y  aura le Vénézuélien Juan Soto qui sera assisté par le Combien Nicolas Gallo. Novice dans l’arbitrage sur le terrain à 40 ans, Wilton Pereira est à sa seconde Coupe du Monde mais en Russie, il était à la VAR. Samba SY.
