{"version":"1.0","provider_name":"LE PUBLIC","provider_url":"https:\/\/www.public.sn","author_name":"LA REDACTION","author_url":"https:\/\/www.public.sn\/index.php\/author\/editeurpsn\/","title":"Emedia contre attaque. - LE PUBLIC","type":"rich","width":600,"height":338,"html":"<blockquote class=\"wp-embedded-content\" data-secret=\"clSDWDzoi3\"><a href=\"https:\/\/www.public.sn\/index.php\/2022\/11\/22\/emedia-contre-attaque\/\">Emedia contre attaque.<\/a><\/blockquote><iframe sandbox=\"allow-scripts\" security=\"restricted\" src=\"https:\/\/www.public.sn\/index.php\/2022\/11\/22\/emedia-contre-attaque\/embed\/#?secret=clSDWDzoi3\" width=\"600\" height=\"338\" title=\"\u00ab\u00a0Emedia contre attaque.\u00a0\u00bb &#8212; LE PUBLIC\" data-secret=\"clSDWDzoi3\" frameborder=\"0\" marginwidth=\"0\" marginheight=\"0\" scrolling=\"no\" class=\"wp-embedded-content\"><\/iframe><script>\n\/*! This file is auto-generated *\/\n!function(d,l){\"use strict\";l.querySelector&&d.addEventListener&&\"undefined\"!=typeof URL&&(d.wp=d.wp||{},d.wp.receiveEmbedMessage||(d.wp.receiveEmbedMessage=function(e){var t=e.data;if((t||t.secret||t.message||t.value)&&!\/[^a-zA-Z0-9]\/.test(t.secret)){for(var s,r,n,a=l.querySelectorAll('iframe[data-secret=\"'+t.secret+'\"]'),o=l.querySelectorAll('blockquote[data-secret=\"'+t.secret+'\"]'),c=new RegExp(\"^https?:$\",\"i\"),i=0;i<o.length;i++)o[i].style.display=\"none\";for(i=0;i<a.length;i++)s=a[i],e.source===s.contentWindow&&(s.removeAttribute(\"style\"),\"height\"===t.message?(1e3<(r=parseInt(t.value,10))?r=1e3:~~r<200&&(r=200),s.height=r):\"link\"===t.message&&(r=new URL(s.getAttribute(\"src\")),n=new URL(t.value),c.test(n.protocol))&&n.host===r.host&&l.activeElement===s&&(d.top.location.href=t.value))}},d.addEventListener(\"message\",d.wp.receiveEmbedMessage,!1),l.addEventListener(\"DOMContentLoaded\",function(){for(var e,t,s=l.querySelectorAll(\"iframe.wp-embedded-content\"),r=0;r<s.length;r++)(t=(e=s[r]).getAttribute(\"data-secret\"))||(t=Math.random().toString(36).substring(2,12),e.src+=\"#?secret=\"+t,e.setAttribute(\"data-secret\",t)),e.contentWindow.postMessage({message:\"ready\",secret:t},\"*\")},!1)))}(window,document);\n\/\/# sourceURL=https:\/\/www.public.sn\/wp-includes\/js\/wp-embed.min.js\n<\/script>\n","thumbnail_url":"https:\/\/www.public.sn\/wp-content\/uploads\/2022\/11\/aa-3.jpg","thumbnail_width":612,"thumbnail_height":298,"description":"Dans un communiqu\u00e9 le groupe Emedia a \u00ab fermement condamn\u00e9 cette d\u00e9cision prise par le r\u00e9gulateur d\u2019interdire \u00e0 sa cha\u00eene ITV de diffuser les matches de la Coupe du monde de football Qatar 2022 \u00bb.\u00a0 Emedia \u00a0dit \u00eatre \u00ab victime de connivences et de forfaitures \u00bb en \u00e9tant \u00ab priv\u00e9 de son droit de retransmission conquis en toute transparence \u00e0 la suite d\u2019un appel d\u2019offres de la FIFA \u00bb. Cet incident risque de \u00ab porter atteinte \u00e0 l&rsquo;image \u00bb du groupe tout en ruinant \u00ab ses performances appr\u00e9ci\u00e9es par (ses) partenaires \u00e9conomiques et sociaux \u00bb.\u00a0 Pour &nbsp;Emedia, le&nbsp; CNRA \u00ab se rend complice de la d\u00e9gradation de l&rsquo;\u00e9cosyst\u00e8me des m\u00e9dias \u00bb et &nbsp;d\u00e9plore le \u00ab silence \u00e9tonnant des autorit\u00e9s \u00e9tatiques \u00bb. E-Media entend ainsi engager \u00ab un combat de principe \u00bb et compte saisir la justice pour&nbsp; \u00ab pr\u00e9server ses droits\u00bb.&nbsp; Samba SY."}

Dans un communiqué le groupe Emedia a « fermement condamné cette décision prise par le régulateur d’interdire à sa chaîne ITV de diffuser les matches de la Coupe du monde de football Qatar 2022 ».  Emedia  dit être « victime de connivences et de forfaitures » en étant « privé de son droit de retransmission conquis en toute transparence à la suite d’un appel d’offres de la FIFA ». Cet incident risque de « porter atteinte à l&rsquo;image » du groupe tout en ruinant « ses performances appréciées par (ses) partenaires économiques et sociaux ».  Pour &nbsp;Emedia, le&nbsp; CNRA « se rend complice de la dégradation de l&rsquo;écosystème des médias » et &nbsp;déplore le « silence étonnant des autorités étatiques ». E-Media entend ainsi engager « un combat de principe » et compte saisir la justice pour&nbsp; « préserver ses droits».&nbsp; Samba SY.
