{"version":"1.0","provider_name":"LE PUBLIC","provider_url":"https:\/\/www.public.sn","author_name":"LA REDACTION","author_url":"https:\/\/www.public.sn\/index.php\/author\/editeurpsn\/","title":"Mame Mbaye Niang\/ Sonko\u00a0: L\u2019affaire devant la DIC. - LE PUBLIC","type":"rich","width":600,"height":338,"html":"<blockquote class=\"wp-embedded-content\" data-secret=\"pijwAmymHl\"><a href=\"https:\/\/www.public.sn\/index.php\/2022\/12\/02\/mame-mbaye-niang-sonko-laffaire-devant-la-dic\/\">Mame Mbaye Niang\/ Sonko\u00a0: L\u2019affaire devant la DIC.<\/a><\/blockquote><iframe sandbox=\"allow-scripts\" security=\"restricted\" src=\"https:\/\/www.public.sn\/index.php\/2022\/12\/02\/mame-mbaye-niang-sonko-laffaire-devant-la-dic\/embed\/#?secret=pijwAmymHl\" width=\"600\" height=\"338\" title=\"\u00ab\u00a0Mame Mbaye Niang\/ Sonko\u00a0: L\u2019affaire devant la DIC.\u00a0\u00bb &#8212; LE PUBLIC\" data-secret=\"pijwAmymHl\" frameborder=\"0\" marginwidth=\"0\" marginheight=\"0\" scrolling=\"no\" class=\"wp-embedded-content\"><\/iframe><script>\n\/*! This file is auto-generated *\/\n!function(d,l){\"use strict\";l.querySelector&&d.addEventListener&&\"undefined\"!=typeof URL&&(d.wp=d.wp||{},d.wp.receiveEmbedMessage||(d.wp.receiveEmbedMessage=function(e){var t=e.data;if((t||t.secret||t.message||t.value)&&!\/[^a-zA-Z0-9]\/.test(t.secret)){for(var s,r,n,a=l.querySelectorAll('iframe[data-secret=\"'+t.secret+'\"]'),o=l.querySelectorAll('blockquote[data-secret=\"'+t.secret+'\"]'),c=new RegExp(\"^https?:$\",\"i\"),i=0;i<o.length;i++)o[i].style.display=\"none\";for(i=0;i<a.length;i++)s=a[i],e.source===s.contentWindow&&(s.removeAttribute(\"style\"),\"height\"===t.message?(1e3<(r=parseInt(t.value,10))?r=1e3:~~r<200&&(r=200),s.height=r):\"link\"===t.message&&(r=new URL(s.getAttribute(\"src\")),n=new URL(t.value),c.test(n.protocol))&&n.host===r.host&&l.activeElement===s&&(d.top.location.href=t.value))}},d.addEventListener(\"message\",d.wp.receiveEmbedMessage,!1),l.addEventListener(\"DOMContentLoaded\",function(){for(var e,t,s=l.querySelectorAll(\"iframe.wp-embedded-content\"),r=0;r<s.length;r++)(t=(e=s[r]).getAttribute(\"data-secret\"))||(t=Math.random().toString(36).substring(2,12),e.src+=\"#?secret=\"+t,e.setAttribute(\"data-secret\",t)),e.contentWindow.postMessage({message:\"ready\",secret:t},\"*\")},!1)))}(window,document);\n\/\/# sourceURL=https:\/\/www.public.sn\/wp-includes\/js\/wp-embed.min.js\n<\/script>\n","thumbnail_url":"https:\/\/www.public.sn\/wp-content\/uploads\/2022\/12\/aa-1.jpg","thumbnail_width":696,"thumbnail_height":379,"description":"L\u2019affaire de Prodac est tr\u00e8s loin de connaitre son \u00e9pilogue. Apr\u00e8s avoir \u00e9t\u00e9 accus\u00e9 par le leader de Pastef, Mame Mbaye Niang avait port\u00e9 plainte affirmant que Ousmane Sonko avait port\u00e9 \u00ab\u00a0de fausses all\u00e9gations\u00a0\u00bb contre sa personne. Le dossier a \u00e9t\u00e9 confi\u00e9 \u00e0 la division des investigations criminelles et incessamment une convocation devrait \u00eatre remise \u00e0 Ousmane Sonko. Le ministre du Tourisme et des Loisirs appelle le leader du Pastef \u00e0 aller r\u00e9pondre s\u2019il est convoqu\u00e9 sans bruit, ni trompette. \u00ab Moi Mame Mbaye Niang, citoyen s\u00e9n\u00e9galais en appelle \u00e0 sa dignit\u00e9 ou tout au moins pour ce qui lui en reste pour aller sans bruit, ni point de presse, ni incitation \u00e0 un mortel combat, produire devant la justice le rapport de l\u2019IGE qu\u2019il dit d\u00e9tenir depuis fort longtemps et qu\u2019il a gard\u00e9 minutieusement \u00bb. des propos tenus lors d\u2019une rencontre avec la presse. Samba Sy"}

L’affaire de Prodac est très loin de connaitre son épilogue. Après avoir été accusé par le leader de Pastef, Mame Mbaye Niang avait porté plainte affirmant que Ousmane Sonko avait porté « de fausses allégations » contre sa personne. Le dossier a été confié à la division des investigations criminelles et incessamment une convocation devrait être remise à Ousmane Sonko. Le ministre du Tourisme et des Loisirs appelle le leader du Pastef à aller répondre s’il est convoqué sans bruit, ni trompette. « Moi Mame Mbaye Niang, citoyen sénégalais en appelle à sa dignité ou tout au moins pour ce qui lui en reste pour aller sans bruit, ni point de presse, ni incitation à un mortel combat, produire devant la justice le rapport de l’IGE qu’il dit détenir depuis fort longtemps et qu’il a gardé minutieusement ». des propos tenus lors d’une rencontre avec la presse. Samba Sy
