{"version":"1.0","provider_name":"LE PUBLIC","provider_url":"https:\/\/www.public.sn","author_name":"LA REDACTION","author_url":"https:\/\/www.public.sn\/index.php\/author\/editeurpsn\/","title":"Assembl\u00e9e Nationale\u00a0: Farba Ngom raille Ousmane Sonko - LE PUBLIC","type":"rich","width":600,"height":338,"html":"<blockquote class=\"wp-embedded-content\" data-secret=\"yg0JUbj7Fc\"><a href=\"https:\/\/www.public.sn\/index.php\/2022\/12\/08\/assemblee-nationale-farba-ngom-raille-ousmane-sonko\/\"><strong>Assembl\u00e9e Nationale\u00a0: Farba Ngom raille Ousmane Sonko<\/strong><\/a><\/blockquote><iframe sandbox=\"allow-scripts\" security=\"restricted\" src=\"https:\/\/www.public.sn\/index.php\/2022\/12\/08\/assemblee-nationale-farba-ngom-raille-ousmane-sonko\/embed\/#?secret=yg0JUbj7Fc\" width=\"600\" height=\"338\" title=\"\u00ab\u00a0&lt;strong&gt;Assembl\u00e9e Nationale\u00a0: Farba Ngom raille Ousmane Sonko&lt;\/strong&gt;\u00a0\u00bb &#8212; LE PUBLIC\" data-secret=\"yg0JUbj7Fc\" frameborder=\"0\" marginwidth=\"0\" marginheight=\"0\" scrolling=\"no\" class=\"wp-embedded-content\"><\/iframe><script>\n\/*! This file is auto-generated *\/\n!function(d,l){\"use strict\";l.querySelector&&d.addEventListener&&\"undefined\"!=typeof URL&&(d.wp=d.wp||{},d.wp.receiveEmbedMessage||(d.wp.receiveEmbedMessage=function(e){var t=e.data;if((t||t.secret||t.message||t.value)&&!\/[^a-zA-Z0-9]\/.test(t.secret)){for(var s,r,n,a=l.querySelectorAll('iframe[data-secret=\"'+t.secret+'\"]'),o=l.querySelectorAll('blockquote[data-secret=\"'+t.secret+'\"]'),c=new RegExp(\"^https?:$\",\"i\"),i=0;i<o.length;i++)o[i].style.display=\"none\";for(i=0;i<a.length;i++)s=a[i],e.source===s.contentWindow&&(s.removeAttribute(\"style\"),\"height\"===t.message?(1e3<(r=parseInt(t.value,10))?r=1e3:~~r<200&&(r=200),s.height=r):\"link\"===t.message&&(r=new URL(s.getAttribute(\"src\")),n=new URL(t.value),c.test(n.protocol))&&n.host===r.host&&l.activeElement===s&&(d.top.location.href=t.value))}},d.addEventListener(\"message\",d.wp.receiveEmbedMessage,!1),l.addEventListener(\"DOMContentLoaded\",function(){for(var e,t,s=l.querySelectorAll(\"iframe.wp-embedded-content\"),r=0;r<s.length;r++)(t=(e=s[r]).getAttribute(\"data-secret\"))||(t=Math.random().toString(36).substring(2,12),e.src+=\"#?secret=\"+t,e.setAttribute(\"data-secret\",t)),e.contentWindow.postMessage({message:\"ready\",secret:t},\"*\")},!1)))}(window,document);\n\/\/# sourceURL=https:\/\/www.public.sn\/wp-includes\/js\/wp-embed.min.js\n<\/script>\n","thumbnail_url":"https:\/\/www.public.sn\/wp-content\/uploads\/2022\/12\/telechargement-2.jpg","thumbnail_width":207,"thumbnail_height":244,"description":"Le d\u00e9put\u00e9-maire d\u2019Agnam Civol n\u2019a pas aussi rat\u00e9 le leader du Pastef Ousmane Sonko. Selon lui, si le maire de Ziguinchor a soign\u00e9 sa mise lors de son dernier face \u00e0 face avec le Doyen des juges, c\u2019\u00e9tait pour mieux pr\u00e9parer sa rencontre avec Adji Sarr dont il \u00e9tait nostalgique pour \u00eatre rest\u00e9 pr\u00e8s de deux ans sans la voir. Souadou Diop"}

Assemblée Nationale : Farba Ngom raille Ousmane Sonko - LE PUBLIC

<blockquote class="wp-embedded-content" data-secret="yg0JUbj7Fc"><a href="https://www.public.sn/index.php/2022/12/08/assemblee-nationale-farba-ngom-raille-ousmane-sonko/"><strong>Assemblée Nationale : Farba Ngom raille Ousmane Sonko</strong></a></blockquote><iframe sandbox="allow-scripts" security="restricted" src="https://www.public.sn/index.php/2022/12/08/assemblee-nationale-farba-ngom-raille-ousmane-sonko/embed/#?secret=yg0JUbj7Fc" width="600" height="338" title="« &lt;strong&gt;Assemblée Nationale : Farba Ngom raille Ousmane Sonko&lt;/strong&gt; » &#8212; LE PUBLIC" data-secret="yg0JUbj7Fc" frameborder="0" marginwidth="0" marginheight="0" scrolling="no" class="wp-embedded-content"></iframe><script>
/*! This file is auto-generated */
!function(d,l){"use strict";l.querySelector&&d.addEventListener&&"undefined"!=typeof URL&&(d.wp=d.wp||{},d.wp.receiveEmbedMessage||(d.wp.receiveEmbedMessage=function(e){var t=e.data;if((t||t.secret||t.message||t.value)&&!/[^a-zA-Z0-9]/.test(t.secret)){for(var s,r,n,a=l.querySelectorAll('iframe[data-secret="'+t.secret+'"]'),o=l.querySelectorAll('blockquote[data-secret="'+t.secret+'"]'),c=new RegExp("^https?:$","i"),i=0;i<o.length;i++)o[i].style.display="none";for(i=0;i<a.length;i++)s=a[i],e.source===s.contentWindow&&(s.removeAttribute("style"),"height"===t.message?(1e3<(r=parseInt(t.value,10))?r=1e3:~~r<200&&(r=200),s.height=r):"link"===t.message&&(r=new URL(s.getAttribute("src")),n=new URL(t.value),c.test(n.protocol))&&n.host===r.host&&l.activeElement===s&&(d.top.location.href=t.value))}},d.addEventListener("message",d.wp.receiveEmbedMessage,!1),l.addEventListener("DOMContentLoaded",function(){for(var e,t,s=l.querySelectorAll("iframe.wp-embedded-content"),r=0;r<s.length;r++)(t=(e=s[r]).getAttribute("data-secret"))||(t=Math.random().toString(36).substring(2,12),e.src+="#?secret="+t,e.setAttribute("data-secret",t)),e.contentWindow.postMessage({message:"ready",secret:t},"*")},!1)))}(window,document);
//# sourceURL=https://www.public.sn/wp-includes/js/wp-embed.min.js
</script>

Le député-maire d’Agnam Civol n’a pas aussi raté le leader du Pastef Ousmane Sonko. Selon lui, si le maire de Ziguinchor a soigné sa mise lors de son dernier face à face avec le Doyen des juges, c’était pour mieux préparer sa rencontre avec Adji Sarr dont il était nostalgique pour être resté près de deux ans sans la voir. Souadou Diop
