{"version":"1.0","provider_name":"LE PUBLIC","provider_url":"https:\/\/www.public.sn","author_name":"LA REDACTION","author_url":"https:\/\/www.public.sn\/index.php\/author\/admin7324\/","title":"N\u00e9crologie : D\u00e9c\u00e8s de l'artiste com\u00e9dien Charles Foster - LE PUBLIC","type":"rich","width":600,"height":338,"html":"<blockquote class=\"wp-embedded-content\" data-secret=\"5O46ydfMmR\"><a href=\"https:\/\/www.public.sn\/index.php\/2022\/12\/11\/necrologie-deces-de-lartiste-comedien-charles-foster\/\">N\u00e9crologie : D\u00e9c\u00e8s de l&rsquo;artiste com\u00e9dien Charles Foster<\/a><\/blockquote><iframe sandbox=\"allow-scripts\" security=\"restricted\" src=\"https:\/\/www.public.sn\/index.php\/2022\/12\/11\/necrologie-deces-de-lartiste-comedien-charles-foster\/embed\/#?secret=5O46ydfMmR\" width=\"600\" height=\"338\" title=\"\u00ab\u00a0N\u00e9crologie : D\u00e9c\u00e8s de l&rsquo;artiste com\u00e9dien Charles Foster\u00a0\u00bb &#8212; LE PUBLIC\" data-secret=\"5O46ydfMmR\" frameborder=\"0\" marginwidth=\"0\" marginheight=\"0\" scrolling=\"no\" class=\"wp-embedded-content\"><\/iframe><script>\n\/*! This file is auto-generated *\/\n!function(d,l){\"use strict\";l.querySelector&&d.addEventListener&&\"undefined\"!=typeof URL&&(d.wp=d.wp||{},d.wp.receiveEmbedMessage||(d.wp.receiveEmbedMessage=function(e){var t=e.data;if((t||t.secret||t.message||t.value)&&!\/[^a-zA-Z0-9]\/.test(t.secret)){for(var s,r,n,a=l.querySelectorAll('iframe[data-secret=\"'+t.secret+'\"]'),o=l.querySelectorAll('blockquote[data-secret=\"'+t.secret+'\"]'),c=new RegExp(\"^https?:$\",\"i\"),i=0;i<o.length;i++)o[i].style.display=\"none\";for(i=0;i<a.length;i++)s=a[i],e.source===s.contentWindow&&(s.removeAttribute(\"style\"),\"height\"===t.message?(1e3<(r=parseInt(t.value,10))?r=1e3:~~r<200&&(r=200),s.height=r):\"link\"===t.message&&(r=new URL(s.getAttribute(\"src\")),n=new URL(t.value),c.test(n.protocol))&&n.host===r.host&&l.activeElement===s&&(d.top.location.href=t.value))}},d.addEventListener(\"message\",d.wp.receiveEmbedMessage,!1),l.addEventListener(\"DOMContentLoaded\",function(){for(var e,t,s=l.querySelectorAll(\"iframe.wp-embedded-content\"),r=0;r<s.length;r++)(t=(e=s[r]).getAttribute(\"data-secret\"))||(t=Math.random().toString(36).substring(2,12),e.src+=\"#?secret=\"+t,e.setAttribute(\"data-secret\",t)),e.contentWindow.postMessage({message:\"ready\",secret:t},\"*\")},!1)))}(window,document);\n\/\/# sourceURL=https:\/\/www.public.sn\/wp-includes\/js\/wp-embed.min.js\n<\/script>\n","thumbnail_url":"https:\/\/www.public.sn\/wp-content\/uploads\/2022\/12\/WhatsApp-Image-2022-12-11-at-11.22.26.jpeg","thumbnail_width":1024,"thumbnail_height":576,"description":"Public.sn vient d&rsquo;apprendre une triste nouvelle. en effet, le monde de la Culture S\u00e9n\u00e9galaise endeuill\u00e9 \u00e2r le d\u00e9c\u00e8s hier nuit , \u00e0 Dakar, du com\u00e9dien Charles Foster. Selon les derni\u00e8res infos de Public.sn, les obs\u00e8ques auront lieu ult\u00e9rieurement. La r\u00e9daction de Public.sn s&rsquo;associe \u00e0 la douleur, pr\u00e9sente ses sinc\u00e8res condol\u00e9ances \u00e0 la famille \u00e9plor\u00e9e, au monde de la Culture S\u00e9n\u00e9galaise et prie pour le repos de l&rsquo;\u00e2me du d\u00e9funt artiste."}

Nécrologie : Décès de l'artiste comédien Charles Foster - LE PUBLIC

<blockquote class="wp-embedded-content" data-secret="5O46ydfMmR"><a href="https://www.public.sn/index.php/2022/12/11/necrologie-deces-de-lartiste-comedien-charles-foster/">Nécrologie : Décès de l&rsquo;artiste comédien Charles Foster</a></blockquote><iframe sandbox="allow-scripts" security="restricted" src="https://www.public.sn/index.php/2022/12/11/necrologie-deces-de-lartiste-comedien-charles-foster/embed/#?secret=5O46ydfMmR" width="600" height="338" title="« Nécrologie : Décès de l&rsquo;artiste comédien Charles Foster » &#8212; LE PUBLIC" data-secret="5O46ydfMmR" frameborder="0" marginwidth="0" marginheight="0" scrolling="no" class="wp-embedded-content"></iframe><script>
/*! This file is auto-generated */
!function(d,l){"use strict";l.querySelector&&d.addEventListener&&"undefined"!=typeof URL&&(d.wp=d.wp||{},d.wp.receiveEmbedMessage||(d.wp.receiveEmbedMessage=function(e){var t=e.data;if((t||t.secret||t.message||t.value)&&!/[^a-zA-Z0-9]/.test(t.secret)){for(var s,r,n,a=l.querySelectorAll('iframe[data-secret="'+t.secret+'"]'),o=l.querySelectorAll('blockquote[data-secret="'+t.secret+'"]'),c=new RegExp("^https?:$","i"),i=0;i<o.length;i++)o[i].style.display="none";for(i=0;i<a.length;i++)s=a[i],e.source===s.contentWindow&&(s.removeAttribute("style"),"height"===t.message?(1e3<(r=parseInt(t.value,10))?r=1e3:~~r<200&&(r=200),s.height=r):"link"===t.message&&(r=new URL(s.getAttribute("src")),n=new URL(t.value),c.test(n.protocol))&&n.host===r.host&&l.activeElement===s&&(d.top.location.href=t.value))}},d.addEventListener("message",d.wp.receiveEmbedMessage,!1),l.addEventListener("DOMContentLoaded",function(){for(var e,t,s=l.querySelectorAll("iframe.wp-embedded-content"),r=0;r<s.length;r++)(t=(e=s[r]).getAttribute("data-secret"))||(t=Math.random().toString(36).substring(2,12),e.src+="#?secret="+t,e.setAttribute("data-secret",t)),e.contentWindow.postMessage({message:"ready",secret:t},"*")},!1)))}(window,document);
//# sourceURL=https://www.public.sn/wp-includes/js/wp-embed.min.js
</script>

Public.sn vient d&rsquo;apprendre une triste nouvelle. en effet, le monde de la Culture Sénégalaise endeuillé âr le décès hier nuit , à Dakar, du comédien Charles Foster. Selon les dernières infos de Public.sn, les obsèques auront lieu ultérieurement. La rédaction de Public.sn s&rsquo;associe à la douleur, présente ses sincères condoléances à la famille éplorée, au monde de la Culture Sénégalaise et prie pour le repos de l&rsquo;âme du défunt artiste.
