{"version":"1.0","provider_name":"LE PUBLIC","provider_url":"https:\/\/www.public.sn","author_name":"LA REDACTION","author_url":"https:\/\/www.public.sn\/index.php\/author\/editeurpsn\/","title":"Walid Regragui met en garde la France - LE PUBLIC","type":"rich","width":600,"height":338,"html":"<blockquote class=\"wp-embedded-content\" data-secret=\"jH7FFdYtJS\"><a href=\"https:\/\/www.public.sn\/index.php\/2022\/12\/13\/walid-regragui-met-en-garde-la-france\/\">Walid Regragui met en garde la France<\/a><\/blockquote><iframe sandbox=\"allow-scripts\" security=\"restricted\" src=\"https:\/\/www.public.sn\/index.php\/2022\/12\/13\/walid-regragui-met-en-garde-la-france\/embed\/#?secret=jH7FFdYtJS\" width=\"600\" height=\"338\" title=\"\u00ab\u00a0Walid Regragui met en garde la France\u00a0\u00bb &#8212; LE PUBLIC\" data-secret=\"jH7FFdYtJS\" frameborder=\"0\" marginwidth=\"0\" marginheight=\"0\" scrolling=\"no\" class=\"wp-embedded-content\"><\/iframe><script>\n\/*! This file is auto-generated *\/\n!function(d,l){\"use strict\";l.querySelector&&d.addEventListener&&\"undefined\"!=typeof URL&&(d.wp=d.wp||{},d.wp.receiveEmbedMessage||(d.wp.receiveEmbedMessage=function(e){var t=e.data;if((t||t.secret||t.message||t.value)&&!\/[^a-zA-Z0-9]\/.test(t.secret)){for(var s,r,n,a=l.querySelectorAll('iframe[data-secret=\"'+t.secret+'\"]'),o=l.querySelectorAll('blockquote[data-secret=\"'+t.secret+'\"]'),c=new RegExp(\"^https?:$\",\"i\"),i=0;i<o.length;i++)o[i].style.display=\"none\";for(i=0;i<a.length;i++)s=a[i],e.source===s.contentWindow&&(s.removeAttribute(\"style\"),\"height\"===t.message?(1e3<(r=parseInt(t.value,10))?r=1e3:~~r<200&&(r=200),s.height=r):\"link\"===t.message&&(r=new URL(s.getAttribute(\"src\")),n=new URL(t.value),c.test(n.protocol))&&n.host===r.host&&l.activeElement===s&&(d.top.location.href=t.value))}},d.addEventListener(\"message\",d.wp.receiveEmbedMessage,!1),l.addEventListener(\"DOMContentLoaded\",function(){for(var e,t,s=l.querySelectorAll(\"iframe.wp-embedded-content\"),r=0;r<s.length;r++)(t=(e=s[r]).getAttribute(\"data-secret\"))||(t=Math.random().toString(36).substring(2,12),e.src+=\"#?secret=\"+t,e.setAttribute(\"data-secret\",t)),e.contentWindow.postMessage({message:\"ready\",secret:t},\"*\")},!1)))}(window,document);\n\/\/# sourceURL=https:\/\/www.public.sn\/wp-includes\/js\/wp-embed.min.js\n<\/script>\n","thumbnail_url":"https:\/\/www.public.sn\/wp-content\/uploads\/2022\/12\/Walid-Regragui.jpg","thumbnail_width":750,"thumbnail_height":430,"description":"Demain soir, le choc opposant la France au Maroc sera particulier pour Walid Regragui. N\u00e9 \u00e0 Corbeil-Essonnes, le s\u00e9lectionneur \u00e2g\u00e9 de 47 ans dirige avec succ\u00e8s les Lions de l&rsquo;Atlas depuis quelques mois. En conf\u00e9rence de presse \u00e0 la veille de la demi-finale du Mondial face aux Tricolores, il a \u00e9voqu\u00e9 cette rencontre tr\u00e8s sp\u00e9ciale : \u00abj\u2019ai la double nationalit\u00e9. C\u2019est un honneur et un plaisir de jouer la France, mais ce n\u2019est que du football. Moi, jouer la France, le Br\u00e9sil, etc&#8230; Ce que je veux, c&rsquo;est juste me qualifier. &nbsp;Ce qui m\u2019int\u00e9resse, c&rsquo;est gagner et jouer la meilleure \u00e9quipe du monde\u00bb. Apr\u00e8s avoir termin\u00e9 en t\u00eate de son groupe devant la Croatie, son \u00e9quipe s&rsquo;est offerte le scalp de l&rsquo;Espagne (1\/8e de finale) et du Portugal (1\/4 de finale). Elle esp\u00e8re faire tomber la France, championne du monde en titre demain soir. Mais la mission sera tout sauf \u00e9vidente. Souadou Diop"}

Demain soir, le choc opposant la France au Maroc sera particulier pour Walid Regragui. Né à Corbeil-Essonnes, le sélectionneur âgé de 47 ans dirige avec succès les Lions de l&rsquo;Atlas depuis quelques mois. En conférence de presse à la veille de la demi-finale du Mondial face aux Tricolores, il a évoqué cette rencontre très spéciale : «j’ai la double nationalité. C’est un honneur et un plaisir de jouer la France, mais ce n’est que du football. Moi, jouer la France, le Brésil, etc&#8230; Ce que je veux, c&rsquo;est juste me qualifier. &nbsp;Ce qui m’intéresse, c&rsquo;est gagner et jouer la meilleure équipe du monde». Après avoir terminé en tête de son groupe devant la Croatie, son équipe s&rsquo;est offerte le scalp de l&rsquo;Espagne (1/8e de finale) et du Portugal (1/4 de finale). Elle espère faire tomber la France, championne du monde en titre demain soir. Mais la mission sera tout sauf évidente. Souadou Diop
