{"version":"1.0","provider_name":"LE PUBLIC","provider_url":"https:\/\/www.public.sn","author_name":"LA REDACTION","author_url":"https:\/\/www.public.sn\/index.php\/author\/editeurpsn\/","title":"Triste nouvelle pour la coalition Yewwi Askan Wii - LE PUBLIC","type":"rich","width":600,"height":338,"html":"<blockquote class=\"wp-embedded-content\" data-secret=\"taqAvuPINC\"><a href=\"https:\/\/www.public.sn\/index.php\/2023\/01\/12\/triste-nouvelle-pour-la-coalition-yewwi-askan-wii\/\">Triste nouvelle pour la coalition Yewwi Askan Wii<\/a><\/blockquote><iframe sandbox=\"allow-scripts\" security=\"restricted\" src=\"https:\/\/www.public.sn\/index.php\/2023\/01\/12\/triste-nouvelle-pour-la-coalition-yewwi-askan-wii\/embed\/#?secret=taqAvuPINC\" width=\"600\" height=\"338\" title=\"\u00ab\u00a0Triste nouvelle pour la coalition Yewwi Askan Wii\u00a0\u00bb &#8212; LE PUBLIC\" data-secret=\"taqAvuPINC\" frameborder=\"0\" marginwidth=\"0\" marginheight=\"0\" scrolling=\"no\" class=\"wp-embedded-content\"><\/iframe><script>\n\/*! This file is auto-generated *\/\n!function(d,l){\"use strict\";l.querySelector&&d.addEventListener&&\"undefined\"!=typeof URL&&(d.wp=d.wp||{},d.wp.receiveEmbedMessage||(d.wp.receiveEmbedMessage=function(e){var t=e.data;if((t||t.secret||t.message||t.value)&&!\/[^a-zA-Z0-9]\/.test(t.secret)){for(var s,r,n,a=l.querySelectorAll('iframe[data-secret=\"'+t.secret+'\"]'),o=l.querySelectorAll('blockquote[data-secret=\"'+t.secret+'\"]'),c=new RegExp(\"^https?:$\",\"i\"),i=0;i<o.length;i++)o[i].style.display=\"none\";for(i=0;i<a.length;i++)s=a[i],e.source===s.contentWindow&&(s.removeAttribute(\"style\"),\"height\"===t.message?(1e3<(r=parseInt(t.value,10))?r=1e3:~~r<200&&(r=200),s.height=r):\"link\"===t.message&&(r=new URL(s.getAttribute(\"src\")),n=new URL(t.value),c.test(n.protocol))&&n.host===r.host&&l.activeElement===s&&(d.top.location.href=t.value))}},d.addEventListener(\"message\",d.wp.receiveEmbedMessage,!1),l.addEventListener(\"DOMContentLoaded\",function(){for(var e,t,s=l.querySelectorAll(\"iframe.wp-embedded-content\"),r=0;r<s.length;r++)(t=(e=s[r]).getAttribute(\"data-secret\"))||(t=Math.random().toString(36).substring(2,12),e.src+=\"#?secret=\"+t,e.setAttribute(\"data-secret\",t)),e.contentWindow.postMessage({message:\"ready\",secret:t},\"*\")},!1)))}(window,document);\n\/\/# sourceURL=https:\/\/www.public.sn\/wp-includes\/js\/wp-embed.min.js\n<\/script>\n","thumbnail_url":"https:\/\/www.public.sn\/wp-content\/uploads\/2023\/01\/70084318-48922110.jpg","thumbnail_width":1536,"thumbnail_height":2048,"description":"Triste nouvelle pour la coalition Yewwi Askan Wi et pour la 14e L\u00e9gislature. Gora Ndoye, d\u00e9put\u00e9 de la Diaspora, Asie-Moyen Orient est d\u00e9c\u00e9d\u00e9 ce jeudi, des suites d&rsquo;une maladie. Originaire de Mboro dans d\u00e9partement de Tivaouane, il a fait plus de 40 ans entre l&rsquo;Australie, l&rsquo;Europe, l&rsquo;Afrique du Sud et le Japon o\u00f9 il s&rsquo;\u00e9tait \u00e9tabli depuis 21 ans. Il s&rsquo;est engag\u00e9 r\u00e9cemment en politique apr\u00e8s la cr\u00e9ation du parti Pastef Les Patriotes. C&rsquo;est ainsi qu&rsquo;il a \u00e9t\u00e9 investi comme candidat de la Diaspora sur la liste Yewwi Askan Wi dans la r\u00e9gion Asie et Moyen-Orient. Qu&rsquo;Allah le tout puissance l&rsquo;accueil dans son paradis \u00e9ternel Toute la famille de Publi.sn pr\u00e9sente ses condol\u00e9ance \u00e0 sa famille."}

Triste nouvelle pour la coalition Yewwi Askan Wi et pour la 14e Législature. Gora Ndoye, député de la Diaspora, Asie-Moyen Orient est décédé ce jeudi, des suites d&rsquo;une maladie. Originaire de Mboro dans département de Tivaouane, il a fait plus de 40 ans entre l&rsquo;Australie, l&rsquo;Europe, l&rsquo;Afrique du Sud et le Japon où il s&rsquo;était établi depuis 21 ans. Il s&rsquo;est engagé récemment en politique après la création du parti Pastef Les Patriotes. C&rsquo;est ainsi qu&rsquo;il a été investi comme candidat de la Diaspora sur la liste Yewwi Askan Wi dans la région Asie et Moyen-Orient. Qu&rsquo;Allah le tout puissance l&rsquo;accueil dans son paradis éternel Toute la famille de Publi.sn présente ses condoléance à sa famille.
