{"version":"1.0","provider_name":"LE PUBLIC","provider_url":"https:\/\/www.public.sn","author_name":"LA REDACTION","author_url":"https:\/\/www.public.sn\/index.php\/author\/admin7324\/","title":"Ousmane Sonko va donner une consigne tr\u00e8s prochainement - LE PUBLIC","type":"rich","width":600,"height":338,"html":"<blockquote class=\"wp-embedded-content\" data-secret=\"fgSz2QO1kc\"><a href=\"https:\/\/www.public.sn\/index.php\/2023\/02\/06\/ousmane-sonko-va-donner-une-consigne-tres-prochainement\/\">Ousmane Sonko va donner une consigne tr\u00e8s prochainement<\/a><\/blockquote><iframe sandbox=\"allow-scripts\" security=\"restricted\" src=\"https:\/\/www.public.sn\/index.php\/2023\/02\/06\/ousmane-sonko-va-donner-une-consigne-tres-prochainement\/embed\/#?secret=fgSz2QO1kc\" width=\"600\" height=\"338\" title=\"\u00ab\u00a0Ousmane Sonko va donner une consigne tr\u00e8s prochainement\u00a0\u00bb &#8212; LE PUBLIC\" data-secret=\"fgSz2QO1kc\" frameborder=\"0\" marginwidth=\"0\" marginheight=\"0\" scrolling=\"no\" class=\"wp-embedded-content\"><\/iframe><script>\n\/*! This file is auto-generated *\/\n!function(d,l){\"use strict\";l.querySelector&&d.addEventListener&&\"undefined\"!=typeof URL&&(d.wp=d.wp||{},d.wp.receiveEmbedMessage||(d.wp.receiveEmbedMessage=function(e){var t=e.data;if((t||t.secret||t.message||t.value)&&!\/[^a-zA-Z0-9]\/.test(t.secret)){for(var s,r,n,a=l.querySelectorAll('iframe[data-secret=\"'+t.secret+'\"]'),o=l.querySelectorAll('blockquote[data-secret=\"'+t.secret+'\"]'),c=new RegExp(\"^https?:$\",\"i\"),i=0;i<o.length;i++)o[i].style.display=\"none\";for(i=0;i<a.length;i++)s=a[i],e.source===s.contentWindow&&(s.removeAttribute(\"style\"),\"height\"===t.message?(1e3<(r=parseInt(t.value,10))?r=1e3:~~r<200&&(r=200),s.height=r):\"link\"===t.message&&(r=new URL(s.getAttribute(\"src\")),n=new URL(t.value),c.test(n.protocol))&&n.host===r.host&&l.activeElement===s&&(d.top.location.href=t.value))}},d.addEventListener(\"message\",d.wp.receiveEmbedMessage,!1),l.addEventListener(\"DOMContentLoaded\",function(){for(var e,t,s=l.querySelectorAll(\"iframe.wp-embedded-content\"),r=0;r<s.length;r++)(t=(e=s[r]).getAttribute(\"data-secret\"))||(t=Math.random().toString(36).substring(2,12),e.src+=\"#?secret=\"+t,e.setAttribute(\"data-secret\",t)),e.contentWindow.postMessage({message:\"ready\",secret:t},\"*\")},!1)))}(window,document);\n\/\/# sourceURL=https:\/\/www.public.sn\/wp-includes\/js\/wp-embed.min.js\n<\/script>\n","thumbnail_url":"https:\/\/www.public.sn\/wp-content\/uploads\/2022\/11\/OUSMANE-SONKO-EN-CONF-1080x900-1.png","thumbnail_width":1080,"thumbnail_height":900,"description":"Le leader de Pastef, accompagn\u00e9 de quelques responsables de sa formation politique, s'est rendu ce dimanche apr\u00e8s midi aux brigades de gendarmerie de la foire, de Ouakam et de Thiong pour s'enqu\u00e9rir de la situation de ses militants d\u00e9tenus depuis plus de deux jours. Ousmane Sonko puisque c'est de lui qu'il s'agit,\u00a0 a \u00e9t\u00e9 interdit d\u2019acc\u00e8s aux diff\u00e9rentes brigades. Tr\u00e8s en col\u00e8re, le maire de Ziguinchor a annonc\u00e9 qu\u2019il va donner des \u00ab consignes pour mettre un terme \u00e0 ces abus \u00bb."}

Ousmane Sonko va donner une consigne très prochainement - LE PUBLIC

<blockquote class="wp-embedded-content" data-secret="fgSz2QO1kc"><a href="https://www.public.sn/index.php/2023/02/06/ousmane-sonko-va-donner-une-consigne-tres-prochainement/">Ousmane Sonko va donner une consigne très prochainement</a></blockquote><iframe sandbox="allow-scripts" security="restricted" src="https://www.public.sn/index.php/2023/02/06/ousmane-sonko-va-donner-une-consigne-tres-prochainement/embed/#?secret=fgSz2QO1kc" width="600" height="338" title="« Ousmane Sonko va donner une consigne très prochainement » &#8212; LE PUBLIC" data-secret="fgSz2QO1kc" frameborder="0" marginwidth="0" marginheight="0" scrolling="no" class="wp-embedded-content"></iframe><script>
/*! This file is auto-generated */
!function(d,l){"use strict";l.querySelector&&d.addEventListener&&"undefined"!=typeof URL&&(d.wp=d.wp||{},d.wp.receiveEmbedMessage||(d.wp.receiveEmbedMessage=function(e){var t=e.data;if((t||t.secret||t.message||t.value)&&!/[^a-zA-Z0-9]/.test(t.secret)){for(var s,r,n,a=l.querySelectorAll('iframe[data-secret="'+t.secret+'"]'),o=l.querySelectorAll('blockquote[data-secret="'+t.secret+'"]'),c=new RegExp("^https?:$","i"),i=0;i<o.length;i++)o[i].style.display="none";for(i=0;i<a.length;i++)s=a[i],e.source===s.contentWindow&&(s.removeAttribute("style"),"height"===t.message?(1e3<(r=parseInt(t.value,10))?r=1e3:~~r<200&&(r=200),s.height=r):"link"===t.message&&(r=new URL(s.getAttribute("src")),n=new URL(t.value),c.test(n.protocol))&&n.host===r.host&&l.activeElement===s&&(d.top.location.href=t.value))}},d.addEventListener("message",d.wp.receiveEmbedMessage,!1),l.addEventListener("DOMContentLoaded",function(){for(var e,t,s=l.querySelectorAll("iframe.wp-embedded-content"),r=0;r<s.length;r++)(t=(e=s[r]).getAttribute("data-secret"))||(t=Math.random().toString(36).substring(2,12),e.src+="#?secret="+t,e.setAttribute("data-secret",t)),e.contentWindow.postMessage({message:"ready",secret:t},"*")},!1)))}(window,document);
//# sourceURL=https://www.public.sn/wp-includes/js/wp-embed.min.js
</script>

Le leader de Pastef, accompagné de quelques responsables de sa formation politique, s'est rendu ce dimanche après midi aux brigades de gendarmerie de la foire, de Ouakam et de Thiong pour s'enquérir de la situation de ses militants détenus depuis plus de deux jours. Ousmane Sonko puisque c'est de lui qu'il s'agit,  a été interdit d’accès aux différentes brigades. Très en colère, le maire de Ziguinchor a annoncé qu’il va donner des « consignes pour mettre un terme à ces abus ».
