{"version":"1.0","provider_name":"LE PUBLIC","provider_url":"https:\/\/www.public.sn","author_name":"LA REDACTION","author_url":"https:\/\/www.public.sn\/index.php\/author\/editeurpsn\/","title":"Ce que Pape Ndiaye a dit aux enqu\u00eateurs - LE PUBLIC","type":"rich","width":600,"height":338,"html":"<blockquote class=\"wp-embedded-content\" data-secret=\"O1H6GDZ8jn\"><a href=\"https:\/\/www.public.sn\/index.php\/2023\/03\/04\/ce-que-pape-ndiaye-a-dit-aux-enqueteurs\/\">Ce que Pape Ndiaye a dit aux enqu\u00eateurs<\/a><\/blockquote><iframe sandbox=\"allow-scripts\" security=\"restricted\" src=\"https:\/\/www.public.sn\/index.php\/2023\/03\/04\/ce-que-pape-ndiaye-a-dit-aux-enqueteurs\/embed\/#?secret=O1H6GDZ8jn\" width=\"600\" height=\"338\" title=\"\u00ab\u00a0Ce que Pape Ndiaye a dit aux enqu\u00eateurs\u00a0\u00bb &#8212; LE PUBLIC\" data-secret=\"O1H6GDZ8jn\" frameborder=\"0\" marginwidth=\"0\" marginheight=\"0\" scrolling=\"no\" class=\"wp-embedded-content\"><\/iframe><script>\n\/*! This file is auto-generated *\/\n!function(d,l){\"use strict\";l.querySelector&&d.addEventListener&&\"undefined\"!=typeof URL&&(d.wp=d.wp||{},d.wp.receiveEmbedMessage||(d.wp.receiveEmbedMessage=function(e){var t=e.data;if((t||t.secret||t.message||t.value)&&!\/[^a-zA-Z0-9]\/.test(t.secret)){for(var s,r,n,a=l.querySelectorAll('iframe[data-secret=\"'+t.secret+'\"]'),o=l.querySelectorAll('blockquote[data-secret=\"'+t.secret+'\"]'),c=new RegExp(\"^https?:$\",\"i\"),i=0;i<o.length;i++)o[i].style.display=\"none\";for(i=0;i<a.length;i++)s=a[i],e.source===s.contentWindow&&(s.removeAttribute(\"style\"),\"height\"===t.message?(1e3<(r=parseInt(t.value,10))?r=1e3:~~r<200&&(r=200),s.height=r):\"link\"===t.message&&(r=new URL(s.getAttribute(\"src\")),n=new URL(t.value),c.test(n.protocol))&&n.host===r.host&&l.activeElement===s&&(d.top.location.href=t.value))}},d.addEventListener(\"message\",d.wp.receiveEmbedMessage,!1),l.addEventListener(\"DOMContentLoaded\",function(){for(var e,t,s=l.querySelectorAll(\"iframe.wp-embedded-content\"),r=0;r<s.length;r++)(t=(e=s[r]).getAttribute(\"data-secret\"))||(t=Math.random().toString(36).substring(2,12),e.src+=\"#?secret=\"+t,e.setAttribute(\"data-secret\",t)),e.contentWindow.postMessage({message:\"ready\",secret:t},\"*\")},!1)))}(window,document);\n\/\/# sourceURL=https:\/\/www.public.sn\/wp-includes\/js\/wp-embed.min.js\n<\/script>\n","thumbnail_url":"https:\/\/www.public.sn\/wp-content\/uploads\/2023\/03\/658D7C2D-8295-466B-B155-0392214B3CE2.jpeg","thumbnail_width":720,"thumbnail_height":478,"description":"Le journaliste Pape Ndiaye (Walf) a \u00e9t\u00e9 plac\u00e9 en garde \u00e0 vue ce vendredi \u00e0 la S\u00fbret\u00e9 urbaine. Il est poursuivi pour diffusion de fausses nouvelles de nature \u00e0 jeter le discr\u00e9dit sur l\u2019institution judiciaire et outrage \u00e0 magistrats. D\u2019apr\u00e8s Lib\u00e9ration, les enqu\u00eateurs ont demand\u00e9 \u00e0 Pape Ndiaye d\u2019apporter les preuves de ses informations selon lesquelles dix-neuf substituts du procureur avaient demand\u00e9 le classement sans suite de l\u2019affaire Sweet Beauty dans laquelle Ousmane Sonko est accus\u00e9 par Adji Sarr de viol et menaces de mort, et qui a \u00e9t\u00e9 renvoy\u00e9e devant la chambre criminelle. Lib\u00e9ration ajoute que le journaliste a d\u00e9clar\u00e9 qu\u2019il tient ces informations de ses sources. Et aux policiers qui lui l\u2019ont invit\u00e9 par la suite de r\u00e9v\u00e9ler celles-ci, le chroniqueur judiciaire a r\u00e9pondu que la d\u00e9ontologie journalistique le lui interdit. Pape Ndiaye sera pr\u00e9sent\u00e9 au procureur de la R\u00e9publique lundi, selon le journal. Qui souligne que le journaliste a \u00e9t\u00e9 entendu en pr\u00e9sence de ses avocats, Mes Moussa Sarr et Abdi Nar Ndiaye."}

Ce que Pape Ndiaye a dit aux enquêteurs - LE PUBLIC

<blockquote class="wp-embedded-content" data-secret="O1H6GDZ8jn"><a href="https://www.public.sn/index.php/2023/03/04/ce-que-pape-ndiaye-a-dit-aux-enqueteurs/">Ce que Pape Ndiaye a dit aux enquêteurs</a></blockquote><iframe sandbox="allow-scripts" security="restricted" src="https://www.public.sn/index.php/2023/03/04/ce-que-pape-ndiaye-a-dit-aux-enqueteurs/embed/#?secret=O1H6GDZ8jn" width="600" height="338" title="« Ce que Pape Ndiaye a dit aux enquêteurs » &#8212; LE PUBLIC" data-secret="O1H6GDZ8jn" frameborder="0" marginwidth="0" marginheight="0" scrolling="no" class="wp-embedded-content"></iframe><script>
/*! This file is auto-generated */
!function(d,l){"use strict";l.querySelector&&d.addEventListener&&"undefined"!=typeof URL&&(d.wp=d.wp||{},d.wp.receiveEmbedMessage||(d.wp.receiveEmbedMessage=function(e){var t=e.data;if((t||t.secret||t.message||t.value)&&!/[^a-zA-Z0-9]/.test(t.secret)){for(var s,r,n,a=l.querySelectorAll('iframe[data-secret="'+t.secret+'"]'),o=l.querySelectorAll('blockquote[data-secret="'+t.secret+'"]'),c=new RegExp("^https?:$","i"),i=0;i<o.length;i++)o[i].style.display="none";for(i=0;i<a.length;i++)s=a[i],e.source===s.contentWindow&&(s.removeAttribute("style"),"height"===t.message?(1e3<(r=parseInt(t.value,10))?r=1e3:~~r<200&&(r=200),s.height=r):"link"===t.message&&(r=new URL(s.getAttribute("src")),n=new URL(t.value),c.test(n.protocol))&&n.host===r.host&&l.activeElement===s&&(d.top.location.href=t.value))}},d.addEventListener("message",d.wp.receiveEmbedMessage,!1),l.addEventListener("DOMContentLoaded",function(){for(var e,t,s=l.querySelectorAll("iframe.wp-embedded-content"),r=0;r<s.length;r++)(t=(e=s[r]).getAttribute("data-secret"))||(t=Math.random().toString(36).substring(2,12),e.src+="#?secret="+t,e.setAttribute("data-secret",t)),e.contentWindow.postMessage({message:"ready",secret:t},"*")},!1)))}(window,document);
//# sourceURL=https://www.public.sn/wp-includes/js/wp-embed.min.js
</script>

Le journaliste Pape Ndiaye (Walf) a été placé en garde à vue ce vendredi à la Sûreté urbaine. Il est poursuivi pour diffusion de fausses nouvelles de nature à jeter le discrédit sur l’institution judiciaire et outrage à magistrats. D’après Libération, les enquêteurs ont demandé à Pape Ndiaye d’apporter les preuves de ses informations selon lesquelles dix-neuf substituts du procureur avaient demandé le classement sans suite de l’affaire Sweet Beauty dans laquelle Ousmane Sonko est accusé par Adji Sarr de viol et menaces de mort, et qui a été renvoyée devant la chambre criminelle. Libération ajoute que le journaliste a déclaré qu’il tient ces informations de ses sources. Et aux policiers qui lui l’ont invité par la suite de révéler celles-ci, le chroniqueur judiciaire a répondu que la déontologie journalistique le lui interdit. Pape Ndiaye sera présenté au procureur de la République lundi, selon le journal. Qui souligne que le journaliste a été entendu en présence de ses avocats, Mes Moussa Sarr et Abdi Nar Ndiaye.
