{"version":"1.0","provider_name":"LE PUBLIC","provider_url":"https:\/\/www.public.sn","author_name":"LA REDACTION","author_url":"https:\/\/www.public.sn\/index.php\/author\/admin7324\/","title":"Affaire Prodac : Dakar et Casamance en feu - LE PUBLIC","type":"rich","width":600,"height":338,"html":"<blockquote class=\"wp-embedded-content\" data-secret=\"Agw0s0dHX9\"><a href=\"https:\/\/www.public.sn\/index.php\/2023\/03\/16\/proces-prodac-dakar-et-casamance-en-feu\/\">Affaire Prodac : Dakar et Casamance en feu<\/a><\/blockquote><iframe sandbox=\"allow-scripts\" security=\"restricted\" src=\"https:\/\/www.public.sn\/index.php\/2023\/03\/16\/proces-prodac-dakar-et-casamance-en-feu\/embed\/#?secret=Agw0s0dHX9\" width=\"600\" height=\"338\" title=\"\u00ab\u00a0Affaire Prodac : Dakar et Casamance en feu\u00a0\u00bb &#8212; LE PUBLIC\" data-secret=\"Agw0s0dHX9\" frameborder=\"0\" marginwidth=\"0\" marginheight=\"0\" scrolling=\"no\" class=\"wp-embedded-content\"><\/iframe><script>\n\/*! This file is auto-generated *\/\n!function(d,l){\"use strict\";l.querySelector&&d.addEventListener&&\"undefined\"!=typeof URL&&(d.wp=d.wp||{},d.wp.receiveEmbedMessage||(d.wp.receiveEmbedMessage=function(e){var t=e.data;if((t||t.secret||t.message||t.value)&&!\/[^a-zA-Z0-9]\/.test(t.secret)){for(var s,r,n,a=l.querySelectorAll('iframe[data-secret=\"'+t.secret+'\"]'),o=l.querySelectorAll('blockquote[data-secret=\"'+t.secret+'\"]'),c=new RegExp(\"^https?:$\",\"i\"),i=0;i<o.length;i++)o[i].style.display=\"none\";for(i=0;i<a.length;i++)s=a[i],e.source===s.contentWindow&&(s.removeAttribute(\"style\"),\"height\"===t.message?(1e3<(r=parseInt(t.value,10))?r=1e3:~~r<200&&(r=200),s.height=r):\"link\"===t.message&&(r=new URL(s.getAttribute(\"src\")),n=new URL(t.value),c.test(n.protocol))&&n.host===r.host&&l.activeElement===s&&(d.top.location.href=t.value))}},d.addEventListener(\"message\",d.wp.receiveEmbedMessage,!1),l.addEventListener(\"DOMContentLoaded\",function(){for(var e,t,s=l.querySelectorAll(\"iframe.wp-embedded-content\"),r=0;r<s.length;r++)(t=(e=s[r]).getAttribute(\"data-secret\"))||(t=Math.random().toString(36).substring(2,12),e.src+=\"#?secret=\"+t,e.setAttribute(\"data-secret\",t)),e.contentWindow.postMessage({message:\"ready\",secret:t},\"*\")},!1)))}(window,document);\n\/\/# sourceURL=https:\/\/www.public.sn\/wp-includes\/js\/wp-embed.min.js\n<\/script>\n","thumbnail_url":"https:\/\/www.public.sn\/wp-content\/uploads\/2023\/03\/manif-dakar.webp","thumbnail_width":696,"thumbnail_height":392,"description":"Tout le monde s&rsquo;y attendait. Le proc\u00e8s opposant Mame Mbaye Niang \u00e0 Ousmane Sonko ne pourrait \u00eatre sans cons\u00e9quences n\u00e9fastes.\u00a0 Le d\u00e9part de Ousmane Sonko pour le tribunal de Dakar et son arrestation \u00e0 mi-chemin ont mis le feu aux poudres dans certains quartiers de Dakar et de l\u2019int\u00e9rieur du pays. Actuellement, des partisans du leader de Pastef et forces de l\u2019ordre s\u2019affrontent. Entre M\u00e9dina et Rebeuss o\u00f9 des \u00e9chauffour\u00e9es sont signal\u00e9es, deux bus de Dakar Dem Dikk ont \u00e9t\u00e9 br\u00fbl\u00e9s par les manifestants. L\u2019air tr\u00e8s vici\u00e9 impacte les usagers pr\u00e9sents dans le p\u00e9rim\u00e8tre de Dakar-Plateau. Idem aux Parcelles Assainies, o\u00f9 le rayon Croisement et Case Bi, la circulation est interrompue depuis plusieurs tours d\u2019horloge, \u00e0 cause des pneus br\u00fbl\u00e9s et des affrontements entre forces de l\u2019ordre et partisans de Sonko. La situation est tr\u00e8s tendue \u00e9galement \u00e0 Ziguinchor et Bignona, fiefs du leader de Pastef, des manifestants dans la rue, ont aussi exprim\u00e9 leur col\u00e8re, br\u00fblant, \u00e0 tout-va, des pneus. Tout est parti de cette m\u00e9sentente sur l\u2019itin\u00e9raire \u00e0 emprunter pour aller au tribunal. Le convoi voulait emprunter la voie menant \u00e0 l\u2019universit\u00e9 Cheikh Anta Diop, par craintes d\u2019agression. Le leader du Pastef qui avait indiqu\u00e9 qu\u2019aucune personne ne lui indiquera la voie \u00e0 suivre pour aller au proc\u00e8s, a \u00e9t\u00e9 extrait de son v\u00e9hicule avant d\u2019\u00eatre achemin\u00e9 au tribunal correctionnel de Dakar o\u00f9 l\u2019audience est en cours, m\u00eame si elle est entrecoup\u00e9e de plusieurs suspensions."}

Tout le monde s&rsquo;y attendait. Le procès opposant Mame Mbaye Niang à Ousmane Sonko ne pourrait être sans conséquences néfastes.  Le départ de Ousmane Sonko pour le tribunal de Dakar et son arrestation à mi-chemin ont mis le feu aux poudres dans certains quartiers de Dakar et de l’intérieur du pays. Actuellement, des partisans du leader de Pastef et forces de l’ordre s’affrontent. Entre Médina et Rebeuss où des échauffourées sont signalées, deux bus de Dakar Dem Dikk ont été brûlés par les manifestants. L’air très vicié impacte les usagers présents dans le périmètre de Dakar-Plateau. Idem aux Parcelles Assainies, où le rayon Croisement et Case Bi, la circulation est interrompue depuis plusieurs tours d’horloge, à cause des pneus brûlés et des affrontements entre forces de l’ordre et partisans de Sonko. La situation est très tendue également à Ziguinchor et Bignona, fiefs du leader de Pastef, des manifestants dans la rue, ont aussi exprimé leur colère, brûlant, à tout-va, des pneus. Tout est parti de cette mésentente sur l’itinéraire à emprunter pour aller au tribunal. Le convoi voulait emprunter la voie menant à l’université Cheikh Anta Diop, par craintes d’agression. Le leader du Pastef qui avait indiqué qu’aucune personne ne lui indiquera la voie à suivre pour aller au procès, a été extrait de son véhicule avant d’être acheminé au tribunal correctionnel de Dakar où l’audience est en cours, même si elle est entrecoupée de plusieurs suspensions.
