{"version":"1.0","provider_name":"LE PUBLIC","provider_url":"https:\/\/www.public.sn","author_name":"LA REDACTION","author_url":"https:\/\/www.public.sn\/index.php\/author\/editeurpsn\/","title":"S\u00e9rigne Abdou Mback\u00e9 au chevet de Sonko - LE PUBLIC","type":"rich","width":600,"height":338,"html":"<blockquote class=\"wp-embedded-content\" data-secret=\"VUB6WREHBb\"><a href=\"https:\/\/www.public.sn\/index.php\/2023\/03\/18\/serigne-abdou-mbacke-au-chevet-de-sonko\/\">S\u00e9rigne Abdou Mback\u00e9 au chevet de Sonko<\/a><\/blockquote><iframe sandbox=\"allow-scripts\" security=\"restricted\" src=\"https:\/\/www.public.sn\/index.php\/2023\/03\/18\/serigne-abdou-mbacke-au-chevet-de-sonko\/embed\/#?secret=VUB6WREHBb\" width=\"600\" height=\"338\" title=\"\u00ab\u00a0S\u00e9rigne Abdou Mback\u00e9 au chevet de Sonko\u00a0\u00bb &#8212; LE PUBLIC\" data-secret=\"VUB6WREHBb\" frameborder=\"0\" marginwidth=\"0\" marginheight=\"0\" scrolling=\"no\" class=\"wp-embedded-content\"><\/iframe><script>\n\/*! This file is auto-generated *\/\n!function(d,l){\"use strict\";l.querySelector&&d.addEventListener&&\"undefined\"!=typeof URL&&(d.wp=d.wp||{},d.wp.receiveEmbedMessage||(d.wp.receiveEmbedMessage=function(e){var t=e.data;if((t||t.secret||t.message||t.value)&&!\/[^a-zA-Z0-9]\/.test(t.secret)){for(var s,r,n,a=l.querySelectorAll('iframe[data-secret=\"'+t.secret+'\"]'),o=l.querySelectorAll('blockquote[data-secret=\"'+t.secret+'\"]'),c=new RegExp(\"^https?:$\",\"i\"),i=0;i<o.length;i++)o[i].style.display=\"none\";for(i=0;i<a.length;i++)s=a[i],e.source===s.contentWindow&&(s.removeAttribute(\"style\"),\"height\"===t.message?(1e3<(r=parseInt(t.value,10))?r=1e3:~~r<200&&(r=200),s.height=r):\"link\"===t.message&&(r=new URL(s.getAttribute(\"src\")),n=new URL(t.value),c.test(n.protocol))&&n.host===r.host&&l.activeElement===s&&(d.top.location.href=t.value))}},d.addEventListener(\"message\",d.wp.receiveEmbedMessage,!1),l.addEventListener(\"DOMContentLoaded\",function(){for(var e,t,s=l.querySelectorAll(\"iframe.wp-embedded-content\"),r=0;r<s.length;r++)(t=(e=s[r]).getAttribute(\"data-secret\"))||(t=Math.random().toString(36).substring(2,12),e.src+=\"#?secret=\"+t,e.setAttribute(\"data-secret\",t)),e.contentWindow.postMessage({message:\"ready\",secret:t},\"*\")},!1)))}(window,document);\n\/\/# sourceURL=https:\/\/www.public.sn\/wp-includes\/js\/wp-embed.min.js\n<\/script>\n","thumbnail_url":"https:\/\/www.public.sn\/wp-content\/uploads\/2023\/03\/49892925-38669918.jpg","thumbnail_width":1242,"thumbnail_height":1177,"description":"Ces militants et sympathisants s\u2019inqui\u00e8tent de son\u00a0 \u00e9tat de sant\u00e9. Hospitalis\u00e9 avant-hier dans une clinique de la place, le leader du Pastef dit souffrir. Ce samedi 18 mars 2023, son marabout et guide spirituel S\u00e9rigne Abdou Mback\u00e9 fils de S\u00e9rigne Khady Mback\u00e9 marabout est all\u00e9 s\u2019enqu\u00e9rir de sa situation et de son \u00e9tat de sant\u00e9 \u00a0de son talib\u00e9 Ousmane Sonko. En effet, le guide spirituel et marabout\u00a0 du leader de l\u2019opposition n\u2019a pas donn\u00e9 d\u2019information sur l\u2019\u00e9tat de sant\u00e9 de Sonko. Mais on reste pessimiste si l\u2019on s\u2019en tient aux propos de Djiby Gueye, chef du protocole de Sonko qui rassure ses militants qu\u2019un bulletin de sant\u00e9\u00a0 ne saurait divulguer. Par ailleurs, il tient \u00e0 pr\u00e9ciser que les m\u00e9decins sont \u00e0 son chevet et toute information n\u00e9cessaire sera transmise ult\u00e9rieurement. Ndeye Khady MBAYE GOUDIABY"}

Sérigne Abdou Mbacké au chevet de Sonko - LE PUBLIC

<blockquote class="wp-embedded-content" data-secret="VUB6WREHBb"><a href="https://www.public.sn/index.php/2023/03/18/serigne-abdou-mbacke-au-chevet-de-sonko/">Sérigne Abdou Mbacké au chevet de Sonko</a></blockquote><iframe sandbox="allow-scripts" security="restricted" src="https://www.public.sn/index.php/2023/03/18/serigne-abdou-mbacke-au-chevet-de-sonko/embed/#?secret=VUB6WREHBb" width="600" height="338" title="« Sérigne Abdou Mbacké au chevet de Sonko » &#8212; LE PUBLIC" data-secret="VUB6WREHBb" frameborder="0" marginwidth="0" marginheight="0" scrolling="no" class="wp-embedded-content"></iframe><script>
/*! This file is auto-generated */
!function(d,l){"use strict";l.querySelector&&d.addEventListener&&"undefined"!=typeof URL&&(d.wp=d.wp||{},d.wp.receiveEmbedMessage||(d.wp.receiveEmbedMessage=function(e){var t=e.data;if((t||t.secret||t.message||t.value)&&!/[^a-zA-Z0-9]/.test(t.secret)){for(var s,r,n,a=l.querySelectorAll('iframe[data-secret="'+t.secret+'"]'),o=l.querySelectorAll('blockquote[data-secret="'+t.secret+'"]'),c=new RegExp("^https?:$","i"),i=0;i<o.length;i++)o[i].style.display="none";for(i=0;i<a.length;i++)s=a[i],e.source===s.contentWindow&&(s.removeAttribute("style"),"height"===t.message?(1e3<(r=parseInt(t.value,10))?r=1e3:~~r<200&&(r=200),s.height=r):"link"===t.message&&(r=new URL(s.getAttribute("src")),n=new URL(t.value),c.test(n.protocol))&&n.host===r.host&&l.activeElement===s&&(d.top.location.href=t.value))}},d.addEventListener("message",d.wp.receiveEmbedMessage,!1),l.addEventListener("DOMContentLoaded",function(){for(var e,t,s=l.querySelectorAll("iframe.wp-embedded-content"),r=0;r<s.length;r++)(t=(e=s[r]).getAttribute("data-secret"))||(t=Math.random().toString(36).substring(2,12),e.src+="#?secret="+t,e.setAttribute("data-secret",t)),e.contentWindow.postMessage({message:"ready",secret:t},"*")},!1)))}(window,document);
//# sourceURL=https://www.public.sn/wp-includes/js/wp-embed.min.js
</script>

Ces militants et sympathisants s’inquiètent de son  état de santé. Hospitalisé avant-hier dans une clinique de la place, le leader du Pastef dit souffrir. Ce samedi 18 mars 2023, son marabout et guide spirituel Sérigne Abdou Mbacké fils de Sérigne Khady Mbacké marabout est allé s’enquérir de sa situation et de son état de santé  de son talibé Ousmane Sonko. En effet, le guide spirituel et marabout  du leader de l’opposition n’a pas donné d’information sur l’état de santé de Sonko. Mais on reste pessimiste si l’on s’en tient aux propos de Djiby Gueye, chef du protocole de Sonko qui rassure ses militants qu’un bulletin de santé  ne saurait divulguer. Par ailleurs, il tient à préciser que les médecins sont à son chevet et toute information nécessaire sera transmise ultérieurement. Ndeye Khady MBAYE GOUDIABY
