{"version":"1.0","provider_name":"LE PUBLIC","provider_url":"https:\/\/www.public.sn","author_name":"LA REDACTION","author_url":"https:\/\/www.public.sn\/index.php\/author\/admin7324\/","title":"Les manifestations de Yewwi Askan Wi interdites - LE PUBLIC","type":"rich","width":600,"height":338,"html":"<blockquote class=\"wp-embedded-content\" data-secret=\"796WShMoO9\"><a href=\"https:\/\/www.public.sn\/index.php\/2023\/05\/26\/les-manifestations-de-yewwi-askan-wi-interdites\/\">Les manifestations de Yewwi Askan Wi interdites<\/a><\/blockquote><iframe sandbox=\"allow-scripts\" security=\"restricted\" src=\"https:\/\/www.public.sn\/index.php\/2023\/05\/26\/les-manifestations-de-yewwi-askan-wi-interdites\/embed\/#?secret=796WShMoO9\" width=\"600\" height=\"338\" title=\"\u00ab\u00a0Les manifestations de Yewwi Askan Wi interdites\u00a0\u00bb &#8212; LE PUBLIC\" data-secret=\"796WShMoO9\" frameborder=\"0\" marginwidth=\"0\" marginheight=\"0\" scrolling=\"no\" class=\"wp-embedded-content\"><\/iframe><script>\n\/*! This file is auto-generated *\/\n!function(d,l){\"use strict\";l.querySelector&&d.addEventListener&&\"undefined\"!=typeof URL&&(d.wp=d.wp||{},d.wp.receiveEmbedMessage||(d.wp.receiveEmbedMessage=function(e){var t=e.data;if((t||t.secret||t.message||t.value)&&!\/[^a-zA-Z0-9]\/.test(t.secret)){for(var s,r,n,a=l.querySelectorAll('iframe[data-secret=\"'+t.secret+'\"]'),o=l.querySelectorAll('blockquote[data-secret=\"'+t.secret+'\"]'),c=new RegExp(\"^https?:$\",\"i\"),i=0;i<o.length;i++)o[i].style.display=\"none\";for(i=0;i<a.length;i++)s=a[i],e.source===s.contentWindow&&(s.removeAttribute(\"style\"),\"height\"===t.message?(1e3<(r=parseInt(t.value,10))?r=1e3:~~r<200&&(r=200),s.height=r):\"link\"===t.message&&(r=new URL(s.getAttribute(\"src\")),n=new URL(t.value),c.test(n.protocol))&&n.host===r.host&&l.activeElement===s&&(d.top.location.href=t.value))}},d.addEventListener(\"message\",d.wp.receiveEmbedMessage,!1),l.addEventListener(\"DOMContentLoaded\",function(){for(var e,t,s=l.querySelectorAll(\"iframe.wp-embedded-content\"),r=0;r<s.length;r++)(t=(e=s[r]).getAttribute(\"data-secret\"))||(t=Math.random().toString(36).substring(2,12),e.src+=\"#?secret=\"+t,e.setAttribute(\"data-secret\",t)),e.contentWindow.postMessage({message:\"ready\",secret:t},\"*\")},!1)))}(window,document);\n\/\/# sourceURL=https:\/\/www.public.sn\/wp-includes\/js\/wp-embed.min.js\n<\/script>\n","thumbnail_url":"https:\/\/www.public.sn\/wp-content\/uploads\/2023\/02\/manifestation-du-16-Fevrier.png","thumbnail_width":597,"thumbnail_height":294,"description":"Pr\u00e9vue ce vendredi, les manifestations de Yewwi Askan risquent de vouer \u00e0 l'\u00e9chec. Selon Les Echos, aucune d\u2019entre elles n\u2019a \u00e9t\u00e9 autoris\u00e9e. Aussi bien la marche pr\u00e9vue sur l\u2019itin\u00e9raire de l\u2019Avenue Cheikh Anta Diop que celle sur l\u2019Avenue Bourguiba. Elles ont tous \u00e9t\u00e9 interdites par le pr\u00e9fet de Dakar.Les interdictions sont justifi\u00e9es par le fait que l\u2019heure n\u2019est pas pr\u00e9cis\u00e9e dans la demande d\u2019autorisation alors que la coalition \u00e9tait \u00e0 fond dans la pr\u00e9paration de ces grands rassemblements.Pour rappel, la coalition Yewwi Askan Wi avait pr\u00e9vu d\u2019organiser ces manifestations pour d\u00e9noncer la tentative du pr\u00e9sident Macky Sall \u00ab d\u2019\u00e9liminer de potentiels adversaires \u00e0 l\u2019\u00e9lection pr\u00e9sidentielle 2024 \u00bb."}

Prévue ce vendredi, les manifestations de Yewwi Askan risquent de vouer à l'échec. Selon Les Echos, aucune d’entre elles n’a été autorisée. Aussi bien la marche prévue sur l’itinéraire de l’Avenue Cheikh Anta Diop que celle sur l’Avenue Bourguiba. Elles ont tous été interdites par le préfet de Dakar.Les interdictions sont justifiées par le fait que l’heure n’est pas précisée dans la demande d’autorisation alors que la coalition était à fond dans la préparation de ces grands rassemblements.Pour rappel, la coalition Yewwi Askan Wi avait prévu d’organiser ces manifestations pour dénoncer la tentative du président Macky Sall « d’éliminer de potentiels adversaires à l’élection présidentielle 2024 ».
