{"version":"1.0","provider_name":"LE PUBLIC","provider_url":"https:\/\/www.public.sn","author_name":"LA REDACTION","author_url":"https:\/\/www.public.sn\/index.php\/author\/editeurpsn\/","title":"PUBLIC MATIN-ACTUALITES,CE MERCREDI 26 JUILLET 2023 - LE PUBLIC","type":"rich","width":600,"height":338,"html":"<blockquote class=\"wp-embedded-content\" data-secret=\"s30hI6nT8s\"><a href=\"https:\/\/www.public.sn\/index.php\/2023\/07\/26\/public-matin-actualitesce-mercredi-26-juillet-2023\/\">PUBLIC MATIN-ACTUALITES,CE MERCREDI 26 JUILLET 2023<\/a><\/blockquote><iframe sandbox=\"allow-scripts\" security=\"restricted\" src=\"https:\/\/www.public.sn\/index.php\/2023\/07\/26\/public-matin-actualitesce-mercredi-26-juillet-2023\/embed\/#?secret=s30hI6nT8s\" width=\"600\" height=\"338\" title=\"\u00ab\u00a0PUBLIC MATIN-ACTUALITES,CE MERCREDI 26 JUILLET 2023\u00a0\u00bb &#8212; LE PUBLIC\" data-secret=\"s30hI6nT8s\" frameborder=\"0\" marginwidth=\"0\" marginheight=\"0\" scrolling=\"no\" class=\"wp-embedded-content\"><\/iframe><script>\n\/*! This file is auto-generated *\/\n!function(d,l){\"use strict\";l.querySelector&&d.addEventListener&&\"undefined\"!=typeof URL&&(d.wp=d.wp||{},d.wp.receiveEmbedMessage||(d.wp.receiveEmbedMessage=function(e){var t=e.data;if((t||t.secret||t.message||t.value)&&!\/[^a-zA-Z0-9]\/.test(t.secret)){for(var s,r,n,a=l.querySelectorAll('iframe[data-secret=\"'+t.secret+'\"]'),o=l.querySelectorAll('blockquote[data-secret=\"'+t.secret+'\"]'),c=new RegExp(\"^https?:$\",\"i\"),i=0;i<o.length;i++)o[i].style.display=\"none\";for(i=0;i<a.length;i++)s=a[i],e.source===s.contentWindow&&(s.removeAttribute(\"style\"),\"height\"===t.message?(1e3<(r=parseInt(t.value,10))?r=1e3:~~r<200&&(r=200),s.height=r):\"link\"===t.message&&(r=new URL(s.getAttribute(\"src\")),n=new URL(t.value),c.test(n.protocol))&&n.host===r.host&&l.activeElement===s&&(d.top.location.href=t.value))}},d.addEventListener(\"message\",d.wp.receiveEmbedMessage,!1),l.addEventListener(\"DOMContentLoaded\",function(){for(var e,t,s=l.querySelectorAll(\"iframe.wp-embedded-content\"),r=0;r<s.length;r++)(t=(e=s[r]).getAttribute(\"data-secret\"))||(t=Math.random().toString(36).substring(2,12),e.src+=\"#?secret=\"+t,e.setAttribute(\"data-secret\",t)),e.contentWindow.postMessage({message:\"ready\",secret:t},\"*\")},!1)))}(window,document);\n\/\/# sourceURL=https:\/\/www.public.sn\/wp-includes\/js\/wp-embed.min.js\n<\/script>\n","thumbnail_url":"https:\/\/www.public.sn\/wp-content\/uploads\/2023\/07\/Karim-Fofana-1140x570-1.jpeg","thumbnail_width":1140,"thumbnail_height":570,"description":"Chavirement d\u2019une pirogue : Les \u00e9clairages du gouvernement Au lendemain du chavirement d\u2019une pirogue de migrants au large de Ouakam, le gouvernement a fait face \u00e0 la presse pour se prononcer sur la question. Abdou Karim Fofana, ministre et porte-parole du gouvernement a d\u00e9menti l\u2019information selon laquelle 18 corps sans vie ont \u00e9t\u00e9 rep\u00each\u00e9s par les sapeurs-pompiers. \u00ab\u00a0Il s\u2019agit de 16 corps sans vie et 3 rescap\u00e9s. 15 ont \u00e9t\u00e9 d\u00e9nombr\u00e9s, hier lundi, et ce mardi matin, un autre corps a \u00e9t\u00e9 rep\u00each\u00e9 pr\u00e8s de Ouakam\u00a0\u00bb, a-t-il pr\u00e9cis\u00e9 lors d\u2019une conf\u00e9rence de presse. Par ailleurs, il a battu en br\u00e8che les t\u00e9moignages selon lesquels la pirogue de migrants a \u00e9t\u00e9 heurt\u00e9 par une vedette de la marine nationale. \u00ab\u00a0Cette information n\u2019est pas av\u00e9r\u00e9e. La preuve\u00a0? Une vedette ne peut pas acc\u00e9der au lieu du chavirement. Pour y acc\u00e9der il faut des cano\u00ebs en pneumatique. C\u2019est des erreurs ou des t\u00e9moignages qui ont induit certains m\u00e9dias en erreur\u00a0\u00bb, a soutenu Abdou Karim Fofana selon qui, toutes les dispositions seront prises par le gouvernement pour apporter aide et assistance aux familles des victimes. &#8211;\u00a0Maroc : Rapatriement d\u2019une cinquantaine de migrants s\u00e9n\u00e9galais par voie a\u00e9rienne ce mercredi Une cinquantaine de S\u00e9n\u00e9galais \u00e0 la sant\u00e9 pr\u00e9caire, dont des femmes et des mineurs, secourus en mer par la marine royale marocaine, vont regagner le S\u00e9n\u00e9gal, ce mercredi, \u00e0 bord d\u2019un avion de l\u2019arm\u00e9e de l\u2019air s\u00e9n\u00e9galaise, a annonc\u00e9 la ministre en charge des S\u00e9n\u00e9galais de l\u2019ext\u00e9rieur, Annette Ndiaye. \u2018\u2019Nous allons faire rentrer par voie a\u00e9rienne, gr\u00e2ce \u00e0 l\u2019avion militaire qui a \u00e9t\u00e9 mis \u00e0 notre disposition par le chef de l\u2019Etat une cinquantaine de nos compatriotes dont des femmes et quelques mineurs\u2019\u2019, a-t-elle d\u00e9clar\u00e9 mardi dans la soir\u00e9e \u00e0 des journalistes. Elle n\u2019a pas donn\u00e9 davantage de d\u00e9tails sur l\u2019heure \u00e0 laquelle l\u2019avion devant transporter ces compatriotes allait d\u00e9coller de Dakhla. Intervenant \u00e0 l\u2019issue d\u2019une rencontre avec des repr\u00e9sentants de la communaut\u00e9 s\u00e9n\u00e9galaise \u00e9tablie \u00e0 Dakhla, localit\u00e9 situ\u00e9e au sud du territoire marocain, Mme Seck a toutefois signal\u00e9 ce vol concerne les migrants \u00e0 l\u2019\u00e9tat de sant\u00e9 pr\u00e9caire. Les op\u00e9rations de rapatriement de ces compatriotes \u00e0 partir de Dakhla vont se poursuivre vendredi avec un groupe qui va regagner par la route le S\u00e9n\u00e9gal en passant par la Mauritanie, a assur\u00e9 la ministre des S\u00e9n\u00e9galais de l\u2019ext\u00e9rieur. Elle a insist\u00e9 sur le fait que ces compatriotes font partie des plus de 700 candidats \u00e0 l\u2019\u00e9migration qui ont afflu\u00e9 \u00e0 partir du mois de juin dans la ville de Dakhla. Lev\u00e9e du blocus de Sonko : Le gouvernement s\u2019explique Les pouvoirs publics ont ordonn\u00e9 la lev\u00e9e du \u2018\u2019blocus\u2019\u2019 de la cit\u00e9 Keur Gorgui, le quartier dakarois o\u00f9 est domicili\u00e9 l\u2019opposant Ousmane Sonko, parce qu\u2019\u2018\u2019il n\u2019y a plus d\u2019appels \u00e0 l\u2019insurrection\u2019\u2019, a d\u00e9clar\u00e9 le ministre du Commerce et porte-parole du gouvernement, Abdou Karim Fofana, mardi, \u00e0 Dakar. \u2018\u2019Au mois de juin, il y a eu beaucoup d\u2019appels \u00e0 la manifestation, beaucoup d\u2019appels \u00e0 l\u2019insurrection\u2019\u2019, a-t-il argu\u00e9 en pr\u00e9sence de ses coll\u00e8gues Issakha Diop, ministre de la Pr\u00e9vention et de la Gestion des inondations, et Serigne Mbaye Thiam, celui charg\u00e9 de l\u2019Eau et de l\u2019Assainissement. Abdou Karim Fofana affirme que \u2018\u2019l\u2019\u00c9tat a pris des mesures de pr\u00e9vention en restreignant la circulation dans le quartier cit\u00e9 Keur Gorgui\u2019\u2019, o\u00f9 se trouve le domicile du chef de l\u2019opposition. Il appartient au procureur de la R\u00e9publique d\u2019indiquer la conduite \u00e0 tenir, concernant Ousmane Sonko, a r\u00e9pondu le porte-parole du gouvernement \u00e0 la question de savoir si l\u2019opposant jug\u00e9 et condamn\u00e9 \u00e0 deux ans de prison ferme, le 1er\u00a0juin, sera arr\u00eat\u00e9. Libert\u00e9 provisoire accord\u00e9e \u00e0 Cheikh Bara Ndiaye Bonne nouvelle pour Cheikh Bara Ndiaye. Selon son avocat, Me Moussa Sarr, le juge d\u2019instruction charg\u00e9 du deuxi\u00e8me cabinet a rendu, ce mardi, une ordonnance de mise en libert\u00e9 provisoire. Ce n\u2019est pas tout puisque le magistrat a plac\u00e9 le chroniqueur de Walf TV sous contr\u00f4le judiciaire avec obligation d\u2019\u00e9marger le premier vendredi de chaque mois, interdiction de sortie du territoire national sans autorisation et interdiction de parler du dossier. Avec cette d\u00e9cision, Cheikh Bara Ndiaye va humer l\u2019air de la libert\u00e9. Cependant, un appel du parquet dans les cinq jours, \u00e0 compter de la notification de la d\u00e9cision, pourrait le retenir dans les liens de la d\u00e9tention. S\u2019agissant des faits, le chroniqueur de Walf a \u00e9t\u00e9 plac\u00e9 sous mandat de d\u00e9p\u00f4t puis transf\u00e9r\u00e9 au pavillon sp\u00e9cial. Il est reproch\u00e9 les faits d\u2019actes ou man\u0153uvres de nature \u00e0 compromettre la s\u00e9curit\u00e9 publique et actions directes. La chambre d\u2019accusation de la Cour d\u2019appel de Dakar suit le\u00a0r\u00e9quisitoire du parquet qui avait requis un mandat de d\u00e9p\u00f4t contre Aliou San\u00e9, selon son avocat Me Moussa Sarr. La chambre d\u2019accusation de la Cour d\u2019appel de Dakar envoie Aliou San\u00e9 en prison En effet dans sa d\u00e9cision rendue ce mardi, la Cour a d\u00e9cern\u00e9 un mandat de d\u00e9p\u00f4t contre le coordonnateur de\u00a0 Y en a marre et non moins membre de la plateforme F24, rapporte PressAfrik.\u00a0Avec cette d\u00e9cision, la Chambre d\u2019accusation infirme l\u2019ordonnance de refus de placement sous mandat de d\u00e9p\u00f4t prise par le juge d\u2019instruction du 2e cabinet . Aliou San\u00e9 a \u00e9t\u00e9 interpell\u00e9 devant le domicile du leader de Pastef avant d\u2019\u00eatre inculp\u00e9 sous le r\u00e9gime de la libert\u00e9 provisoire. \u00a0Actu Internationale Ukraine et Russie d\u00e9noncent chacune des pressions sur les \u00c9tats africains \u00c0 la veille du sommet Russie-Afrique, qui se tiendra jeudi 27 et vendredi 28 juillet \u00e0 Saint-P\u00e9tersbourg, diplomatie ukrainienne et russe tentent de mobiliser leurs alli\u00e9s sur le continent. Alors que le ministre des Affaires \u00e9trang\u00e8res ukrainien, Dmytro Kouleba, d\u00e9nonce un sommet visant \u00e0 redorer l\u2019image de Vladimir Poutine, le porte-parole de la pr\u00e9sidence russe, Dmitri Peskov, accuse au contraire les pays occidentaux de faire pression sur les dirigeants africains. (Avec Rfi) Mali : Les USA sanctionnent trois hauts responsables pour y avoir facilit\u00e9 l\u2019expansion de Wagner Washington a sanctionn\u00e9 trois hauts responsables maliens ce 24 juillet 2023 pour avoir aid\u00e9 au d\u00e9ploiement de Wagner au Mali\u00a0: l\u2019actuel ministre de la D\u00e9fense Sadio Camara, le g\u00e9n\u00e9ral Alou Bo\u00ef Diarra, patron de l\u2019arm\u00e9e"}

Chavirement d’une pirogue : Les éclairages du gouvernement Au lendemain du chavirement d’une pirogue de migrants au large de Ouakam, le gouvernement a fait face à la presse pour se prononcer sur la question. Abdou Karim Fofana, ministre et porte-parole du gouvernement a démenti l’information selon laquelle 18 corps sans vie ont été repêchés par les sapeurs-pompiers. « Il s’agit de 16 corps sans vie et 3 rescapés. 15 ont été dénombrés, hier lundi, et ce mardi matin, un autre corps a été repêché près de Ouakam », a-t-il précisé lors d’une conférence de presse. Par ailleurs, il a battu en brèche les témoignages selon lesquels la pirogue de migrants a été heurté par une vedette de la marine nationale. « Cette information n’est pas avérée. La preuve ? Une vedette ne peut pas accéder au lieu du chavirement. Pour y accéder il faut des canoës en pneumatique. C’est des erreurs ou des témoignages qui ont induit certains médias en erreur », a soutenu Abdou Karim Fofana selon qui, toutes les dispositions seront prises par le gouvernement pour apporter aide et assistance aux familles des victimes. &#8211; Maroc : Rapatriement d’une cinquantaine de migrants sénégalais par voie aérienne ce mercredi Une cinquantaine de Sénégalais à la santé précaire, dont des femmes et des mineurs, secourus en mer par la marine royale marocaine, vont regagner le Sénégal, ce mercredi, à bord d’un avion de l’armée de l’air sénégalaise, a annoncé la ministre en charge des Sénégalais de l’extérieur, Annette Ndiaye. ‘’Nous allons faire rentrer par voie aérienne, grâce à l’avion militaire qui a été mis à notre disposition par le chef de l’Etat une cinquantaine de nos compatriotes dont des femmes et quelques mineurs’’, a-t-elle déclaré mardi dans la soirée à des journalistes. Elle n’a pas donné davantage de détails sur l’heure à laquelle l’avion devant transporter ces compatriotes allait décoller de Dakhla. Intervenant à l’issue d’une rencontre avec des représentants de la communauté sénégalaise établie à Dakhla, localité située au sud du territoire marocain, Mme Seck a toutefois signalé ce vol concerne les migrants à l’état de santé précaire. Les opérations de rapatriement de ces compatriotes à partir de Dakhla vont se poursuivre vendredi avec un groupe qui va regagner par la route le Sénégal en passant par la Mauritanie, a assuré la ministre des Sénégalais de l’extérieur. Elle a insisté sur le fait que ces compatriotes font partie des plus de 700 candidats à l’émigration qui ont afflué à partir du mois de juin dans la ville de Dakhla. Levée du blocus de Sonko : Le gouvernement s’explique Les pouvoirs publics ont ordonné la levée du ‘’blocus’’ de la cité Keur Gorgui, le quartier dakarois où est domicilié l’opposant Ousmane Sonko, parce qu’‘’il n’y a plus d’appels à l’insurrection’’, a déclaré le ministre du Commerce et porte-parole du gouvernement, Abdou Karim Fofana, mardi, à Dakar. ‘’Au mois de juin, il y a eu beaucoup d’appels à la manifestation, beaucoup d’appels à l’insurrection’’, a-t-il argué en présence de ses collègues Issakha Diop, ministre de la Prévention et de la Gestion des inondations, et Serigne Mbaye Thiam, celui chargé de l’Eau et de l’Assainissement. Abdou Karim Fofana affirme que ‘’l’État a pris des mesures de prévention en restreignant la circulation dans le quartier cité Keur Gorgui’’, où se trouve le domicile du chef de l’opposition. Il appartient au procureur de la République d’indiquer la conduite à tenir, concernant Ousmane Sonko, a répondu le porte-parole du gouvernement à la question de savoir si l’opposant jugé et condamné à deux ans de prison ferme, le 1er juin, sera arrêté. Liberté provisoire accordée à Cheikh Bara Ndiaye Bonne nouvelle pour Cheikh Bara Ndiaye. Selon son avocat, Me Moussa Sarr, le juge d’instruction chargé du deuxième cabinet a rendu, ce mardi, une ordonnance de mise en liberté provisoire. Ce n’est pas tout puisque le magistrat a placé le chroniqueur de Walf TV sous contrôle judiciaire avec obligation d’émarger le premier vendredi de chaque mois, interdiction de sortie du territoire national sans autorisation et interdiction de parler du dossier. Avec cette décision, Cheikh Bara Ndiaye va humer l’air de la liberté. Cependant, un appel du parquet dans les cinq jours, à compter de la notification de la décision, pourrait le retenir dans les liens de la détention. S’agissant des faits, le chroniqueur de Walf a été placé sous mandat de dépôt puis transféré au pavillon spécial. Il est reproché les faits d’actes ou manœuvres de nature à compromettre la sécurité publique et actions directes. La chambre d’accusation de la Cour d’appel de Dakar suit le réquisitoire du parquet qui avait requis un mandat de dépôt contre Aliou Sané, selon son avocat Me Moussa Sarr. La chambre d’accusation de la Cour d’appel de Dakar envoie Aliou Sané en prison En effet dans sa décision rendue ce mardi, la Cour a décerné un mandat de dépôt contre le coordonnateur de  Y en a marre et non moins membre de la plateforme F24, rapporte PressAfrik. Avec cette décision, la Chambre d’accusation infirme l’ordonnance de refus de placement sous mandat de dépôt prise par le juge d’instruction du 2e cabinet . Aliou Sané a été interpellé devant le domicile du leader de Pastef avant d’être inculpé sous le régime de la liberté provisoire.  Actu Internationale Ukraine et Russie dénoncent chacune des pressions sur les États africains À la veille du sommet Russie-Afrique, qui se tiendra jeudi 27 et vendredi 28 juillet à Saint-Pétersbourg, diplomatie ukrainienne et russe tentent de mobiliser leurs alliés sur le continent. Alors que le ministre des Affaires étrangères ukrainien, Dmytro Kouleba, dénonce un sommet visant à redorer l’image de Vladimir Poutine, le porte-parole de la présidence russe, Dmitri Peskov, accuse au contraire les pays occidentaux de faire pression sur les dirigeants africains. (Avec Rfi) Mali : Les USA sanctionnent trois hauts responsables pour y avoir facilité l’expansion de Wagner Washington a sanctionné trois hauts responsables maliens ce 24 juillet 2023 pour avoir aidé au déploiement de Wagner au Mali : l’actuel ministre de la Défense Sadio Camara, le général Alou Boï Diarra, patron de l’armée
