{"version":"1.0","provider_name":"LE PUBLIC","provider_url":"https:\/\/www.public.sn","author_name":"Man\u00e9 Ba","author_url":"https:\/\/www.public.sn\/index.php\/author\/bamanesen\/","title":"Dialogue Politique: Le Collectif FC25 oppose Macky Sall - LE PUBLIC","type":"rich","width":600,"height":338,"html":"<blockquote class=\"wp-embedded-content\" data-secret=\"AJ8N7SYnVb\"><a href=\"https:\/\/www.public.sn\/index.php\/2024\/02\/23\/dialogue-politique-le-collectif-fc25-oppose-macky-sall\/\">Dialogue Politique: Le Collectif FC25 oppose Macky Sall<\/a><\/blockquote><iframe sandbox=\"allow-scripts\" security=\"restricted\" src=\"https:\/\/www.public.sn\/index.php\/2024\/02\/23\/dialogue-politique-le-collectif-fc25-oppose-macky-sall\/embed\/#?secret=AJ8N7SYnVb\" width=\"600\" height=\"338\" title=\"\u00ab\u00a0Dialogue Politique: Le Collectif FC25 oppose Macky Sall\u00a0\u00bb &#8212; LE PUBLIC\" data-secret=\"AJ8N7SYnVb\" frameborder=\"0\" marginwidth=\"0\" marginheight=\"0\" scrolling=\"no\" class=\"wp-embedded-content\"><\/iframe><script>\n\/*! This file is auto-generated *\/\n!function(d,l){\"use strict\";l.querySelector&&d.addEventListener&&\"undefined\"!=typeof URL&&(d.wp=d.wp||{},d.wp.receiveEmbedMessage||(d.wp.receiveEmbedMessage=function(e){var t=e.data;if((t||t.secret||t.message||t.value)&&!\/[^a-zA-Z0-9]\/.test(t.secret)){for(var s,r,n,a=l.querySelectorAll('iframe[data-secret=\"'+t.secret+'\"]'),o=l.querySelectorAll('blockquote[data-secret=\"'+t.secret+'\"]'),c=new RegExp(\"^https?:$\",\"i\"),i=0;i<o.length;i++)o[i].style.display=\"none\";for(i=0;i<a.length;i++)s=a[i],e.source===s.contentWindow&&(s.removeAttribute(\"style\"),\"height\"===t.message?(1e3<(r=parseInt(t.value,10))?r=1e3:~~r<200&&(r=200),s.height=r):\"link\"===t.message&&(r=new URL(s.getAttribute(\"src\")),n=new URL(t.value),c.test(n.protocol))&&n.host===r.host&&l.activeElement===s&&(d.top.location.href=t.value))}},d.addEventListener(\"message\",d.wp.receiveEmbedMessage,!1),l.addEventListener(\"DOMContentLoaded\",function(){for(var e,t,s=l.querySelectorAll(\"iframe.wp-embedded-content\"),r=0;r<s.length;r++)(t=(e=s[r]).getAttribute(\"data-secret\"))||(t=Math.random().toString(36).substring(2,12),e.src+=\"#?secret=\"+t,e.setAttribute(\"data-secret\",t)),e.contentWindow.postMessage({message:\"ready\",secret:t},\"*\")},!1)))}(window,document);\n\/\/# sourceURL=https:\/\/www.public.sn\/wp-includes\/js\/wp-embed.min.js\n<\/script>\n","thumbnail_url":"https:\/\/www.public.sn\/wp-content\/uploads\/2024\/02\/78539057-56995352.jpg","thumbnail_width":600,"thumbnail_height":502,"description":"En conf\u00e9rence de presse ce vendredi, le FC25 qui regroupe une frange importante des candidats valid\u00e9s par le conseil constitutionnel, a donn\u00e9 sa position de principe sur le dialogue national. Le Collectif FC25, compos\u00e9 de 18 candidats \u00e0 l&rsquo;\u00e9lection pr\u00e9sidentielle exige la tenue du scrutin avant le 2 avril 2024. Pour ce qui est de leur participation au dialogue, les 15 candidats opposent leur v\u00e9to. Selon le candidat Mame Boy Diao, membre de ce collectif, leur cadre a \u00e9t\u00e9 d\u00e9\u00e7u par la sortie du Chef de l\u2019Etat qui devrait appliquer la d\u00e9cision du Conseil constitutionnel. Le seul objectif d Pr\u00e9sident\u00a0selon lui, c\u2019est de montrer \u00e0 la face du monde que les politiques ne sont pas d\u2019accord sur le d\u00e9roul\u00e9. Ce qui lui permettra d\u2019arriver \u00e0 son objectif. &nbsp; &nbsp; &nbsp;"}

Mané Ba

En conférence de presse ce vendredi, le FC25 qui regroupe une frange importante des candidats validés par le conseil constitutionnel, a donné sa position de principe sur le dialogue national. Le Collectif FC25, composé de 18 candidats à l&rsquo;élection présidentielle exige la tenue du scrutin avant le 2 avril 2024. Pour ce qui est de leur participation au dialogue, les 15 candidats opposent leur véto. Selon le candidat Mame Boy Diao, membre de ce collectif, leur cadre a été déçu par la sortie du Chef de l’Etat qui devrait appliquer la décision du Conseil constitutionnel. Le seul objectif d Président selon lui, c’est de montrer à la face du monde que les politiques ne sont pas d’accord sur le déroulé. Ce qui lui permettra d’arriver à son objectif. &nbsp; &nbsp; &nbsp;
