{"version":"1.0","provider_name":"LE PUBLIC","provider_url":"https:\/\/www.public.sn","author_name":"Baye Amath THIAM","author_url":"https:\/\/www.public.sn\/index.php\/author\/thiamba24\/","title":"APR : Une d\u00e9cision surprenante prise par Amadou Ba\u00a0 - LE PUBLIC","type":"rich","width":600,"height":338,"html":"<blockquote class=\"wp-embedded-content\" data-secret=\"RxRpwHY5PL\"><a href=\"https:\/\/www.public.sn\/index.php\/2024\/05\/25\/apr-une-decision-surprenante-prise-par-amadou-ba\/\">APR : Une d\u00e9cision surprenante prise par Amadou Ba\u00a0<\/a><\/blockquote><iframe sandbox=\"allow-scripts\" security=\"restricted\" src=\"https:\/\/www.public.sn\/index.php\/2024\/05\/25\/apr-une-decision-surprenante-prise-par-amadou-ba\/embed\/#?secret=RxRpwHY5PL\" width=\"600\" height=\"338\" title=\"\u00ab\u00a0APR : Une d\u00e9cision surprenante prise par Amadou Ba\u00a0\u00a0\u00bb &#8212; LE PUBLIC\" data-secret=\"RxRpwHY5PL\" frameborder=\"0\" marginwidth=\"0\" marginheight=\"0\" scrolling=\"no\" class=\"wp-embedded-content\"><\/iframe><script>\n\/*! This file is auto-generated *\/\n!function(d,l){\"use strict\";l.querySelector&&d.addEventListener&&\"undefined\"!=typeof URL&&(d.wp=d.wp||{},d.wp.receiveEmbedMessage||(d.wp.receiveEmbedMessage=function(e){var t=e.data;if((t||t.secret||t.message||t.value)&&!\/[^a-zA-Z0-9]\/.test(t.secret)){for(var s,r,n,a=l.querySelectorAll('iframe[data-secret=\"'+t.secret+'\"]'),o=l.querySelectorAll('blockquote[data-secret=\"'+t.secret+'\"]'),c=new RegExp(\"^https?:$\",\"i\"),i=0;i<o.length;i++)o[i].style.display=\"none\";for(i=0;i<a.length;i++)s=a[i],e.source===s.contentWindow&&(s.removeAttribute(\"style\"),\"height\"===t.message?(1e3<(r=parseInt(t.value,10))?r=1e3:~~r<200&&(r=200),s.height=r):\"link\"===t.message&&(r=new URL(s.getAttribute(\"src\")),n=new URL(t.value),c.test(n.protocol))&&n.host===r.host&&l.activeElement===s&&(d.top.location.href=t.value))}},d.addEventListener(\"message\",d.wp.receiveEmbedMessage,!1),l.addEventListener(\"DOMContentLoaded\",function(){for(var e,t,s=l.querySelectorAll(\"iframe.wp-embedded-content\"),r=0;r<s.length;r++)(t=(e=s[r]).getAttribute(\"data-secret\"))||(t=Math.random().toString(36).substring(2,12),e.src+=\"#?secret=\"+t,e.setAttribute(\"data-secret\",t)),e.contentWindow.postMessage({message:\"ready\",secret:t},\"*\")},!1)))}(window,document);\n\/\/# sourceURL=https:\/\/www.public.sn\/wp-includes\/js\/wp-embed.min.js\n<\/script>\n","thumbnail_url":"https:\/\/www.public.sn\/wp-content\/uploads\/2024\/05\/13780040463_8c3bbaeef7_k-e1701869170266-1200x800-1.jpeg","thumbnail_width":1200,"thumbnail_height":800,"description":"Une sortie de l\u2019ancien Premier ministre et candidat malheureux \u00e0 la Pr\u00e9sidentielle du 24 mars dernier est toujours attendue surtout en ce qui concerne son avenir politique et ses objectifs \u00e0 atteindre Repris par le quotidien L\u2019AS, l\u2019ancien parlementaire Cheikh Oumar Sy annonce toutefois qu\u2019Amadou Ba a d\u00e9j\u00e0 pris sa d\u00e9cision. \u00ab Il va rester dans l\u2019opposition \u00bb mais, \u00ab pour assumer cette posture, il va quitter l\u2019Alliance pour la R\u00e9publique (APR) \u00bb, d\u00e9clare Oumar Sy. Selon lui:\u00ab Je consid\u00e8re que Amadou Ba n\u2019a aucun avenir dans (l\u2019APR), d\u00e9fend-il. Il peut entra\u00eener avec lui beaucoup de formations politiques de Benno Bokk Yakaar. Puis, il peut r\u00e9unir une bonne partie de l\u2019opposition. Amadou Ba est pr\u00eat \u00e0 assumer son r\u00f4le de chef de l\u2019opposition. Maintenant, il va falloir le mat\u00e9rialiser pour pr\u00e9parer les \u00e9lections l\u00e9gislatives.\u00bb affirme-t-il Le d\u00e9put\u00e9 de la douzi\u00e8me l\u00e9gislature (2012-2017) \u00e9tait l\u2019invit\u00e9 de l\u2019\u00e9mission pulaar \u00ab Fandu \u00bb sur la cha\u00eene L\u2019AS TV."}

APR : Une décision surprenante prise par Amadou Ba  - LE PUBLIC

<blockquote class="wp-embedded-content" data-secret="RxRpwHY5PL"><a href="https://www.public.sn/index.php/2024/05/25/apr-une-decision-surprenante-prise-par-amadou-ba/">APR : Une décision surprenante prise par Amadou Ba </a></blockquote><iframe sandbox="allow-scripts" security="restricted" src="https://www.public.sn/index.php/2024/05/25/apr-une-decision-surprenante-prise-par-amadou-ba/embed/#?secret=RxRpwHY5PL" width="600" height="338" title="« APR : Une décision surprenante prise par Amadou Ba  » &#8212; LE PUBLIC" data-secret="RxRpwHY5PL" frameborder="0" marginwidth="0" marginheight="0" scrolling="no" class="wp-embedded-content"></iframe><script>
/*! This file is auto-generated */
!function(d,l){"use strict";l.querySelector&&d.addEventListener&&"undefined"!=typeof URL&&(d.wp=d.wp||{},d.wp.receiveEmbedMessage||(d.wp.receiveEmbedMessage=function(e){var t=e.data;if((t||t.secret||t.message||t.value)&&!/[^a-zA-Z0-9]/.test(t.secret)){for(var s,r,n,a=l.querySelectorAll('iframe[data-secret="'+t.secret+'"]'),o=l.querySelectorAll('blockquote[data-secret="'+t.secret+'"]'),c=new RegExp("^https?:$","i"),i=0;i<o.length;i++)o[i].style.display="none";for(i=0;i<a.length;i++)s=a[i],e.source===s.contentWindow&&(s.removeAttribute("style"),"height"===t.message?(1e3<(r=parseInt(t.value,10))?r=1e3:~~r<200&&(r=200),s.height=r):"link"===t.message&&(r=new URL(s.getAttribute("src")),n=new URL(t.value),c.test(n.protocol))&&n.host===r.host&&l.activeElement===s&&(d.top.location.href=t.value))}},d.addEventListener("message",d.wp.receiveEmbedMessage,!1),l.addEventListener("DOMContentLoaded",function(){for(var e,t,s=l.querySelectorAll("iframe.wp-embedded-content"),r=0;r<s.length;r++)(t=(e=s[r]).getAttribute("data-secret"))||(t=Math.random().toString(36).substring(2,12),e.src+="#?secret="+t,e.setAttribute("data-secret",t)),e.contentWindow.postMessage({message:"ready",secret:t},"*")},!1)))}(window,document);
//# sourceURL=https://www.public.sn/wp-includes/js/wp-embed.min.js
</script>

Une sortie de l’ancien Premier ministre et candidat malheureux à la Présidentielle du 24 mars dernier est toujours attendue surtout en ce qui concerne son avenir politique et ses objectifs à atteindre Repris par le quotidien L’AS, l’ancien parlementaire Cheikh Oumar Sy annonce toutefois qu’Amadou Ba a déjà pris sa décision. « Il va rester dans l’opposition » mais, « pour assumer cette posture, il va quitter l’Alliance pour la République (APR) », déclare Oumar Sy. Selon lui:« Je considère que Amadou Ba n’a aucun avenir dans (l’APR), défend-il. Il peut entraîner avec lui beaucoup de formations politiques de Benno Bokk Yakaar. Puis, il peut réunir une bonne partie de l’opposition. Amadou Ba est prêt à assumer son rôle de chef de l’opposition. Maintenant, il va falloir le matérialiser pour préparer les élections législatives.» affirme-t-il Le député de la douzième législature (2012-2017) était l’invité de l’émission pulaar « Fandu » sur la chaîne L’AS TV.
