{"version":"1.0","provider_name":"LE PUBLIC","provider_url":"https:\/\/www.public.sn","author_name":"LA REDACTION","author_url":"https:\/\/www.public.sn\/index.php\/author\/editeurpsn\/","title":"Affaire\u00a0Ouzin Ke\u00efta\u00a0: l\u2019ombre de\u00a0Pape Cheikh Diallo - LE PUBLIC","type":"rich","width":600,"height":338,"html":"<blockquote class=\"wp-embedded-content\" data-secret=\"eCBt2R8P1i\"><a href=\"https:\/\/www.public.sn\/index.php\/2026\/03\/10\/affaire-ouzin-keita-lombre-de-pape-cheikh-diallo\/\">Affaire\u00a0Ouzin Ke\u00efta\u00a0: l\u2019ombre de\u00a0Pape Cheikh Diallo<\/a><\/blockquote><iframe sandbox=\"allow-scripts\" security=\"restricted\" src=\"https:\/\/www.public.sn\/index.php\/2026\/03\/10\/affaire-ouzin-keita-lombre-de-pape-cheikh-diallo\/embed\/#?secret=eCBt2R8P1i\" width=\"600\" height=\"338\" title=\"\u00ab\u00a0Affaire\u00a0Ouzin Ke\u00efta\u00a0: l\u2019ombre de\u00a0Pape Cheikh Diallo\u00a0\u00bb &#8212; LE PUBLIC\" data-secret=\"eCBt2R8P1i\" frameborder=\"0\" marginwidth=\"0\" marginheight=\"0\" scrolling=\"no\" class=\"wp-embedded-content\"><\/iframe><script>\n\/*! This file is auto-generated *\/\n!function(d,l){\"use strict\";l.querySelector&&d.addEventListener&&\"undefined\"!=typeof URL&&(d.wp=d.wp||{},d.wp.receiveEmbedMessage||(d.wp.receiveEmbedMessage=function(e){var t=e.data;if((t||t.secret||t.message||t.value)&&!\/[^a-zA-Z0-9]\/.test(t.secret)){for(var s,r,n,a=l.querySelectorAll('iframe[data-secret=\"'+t.secret+'\"]'),o=l.querySelectorAll('blockquote[data-secret=\"'+t.secret+'\"]'),c=new RegExp(\"^https?:$\",\"i\"),i=0;i<o.length;i++)o[i].style.display=\"none\";for(i=0;i<a.length;i++)s=a[i],e.source===s.contentWindow&&(s.removeAttribute(\"style\"),\"height\"===t.message?(1e3<(r=parseInt(t.value,10))?r=1e3:~~r<200&&(r=200),s.height=r):\"link\"===t.message&&(r=new URL(s.getAttribute(\"src\")),n=new URL(t.value),c.test(n.protocol))&&n.host===r.host&&l.activeElement===s&&(d.top.location.href=t.value))}},d.addEventListener(\"message\",d.wp.receiveEmbedMessage,!1),l.addEventListener(\"DOMContentLoaded\",function(){for(var e,t,s=l.querySelectorAll(\"iframe.wp-embedded-content\"),r=0;r<s.length;r++)(t=(e=s[r]).getAttribute(\"data-secret\"))||(t=Math.random().toString(36).substring(2,12),e.src+=\"#?secret=\"+t,e.setAttribute(\"data-secret\",t)),e.contentWindow.postMessage({message:\"ready\",secret:t},\"*\")},!1)))}(window,document);\n\/\/# sourceURL=https:\/\/www.public.sn\/wp-includes\/js\/wp-embed.min.js\n<\/script>\n","thumbnail_url":"https:\/\/www.public.sn\/wp-content\/uploads\/2026\/03\/Capture-decran-2026-03-10-a-21.28.41.png","thumbnail_width":989,"thumbnail_height":554,"description":"Un nouveau rebondissement est venu marquer les interrogatoires men\u00e9s par la&nbsp;Division des investigations criminelles(DIC) dans l\u2019affaire visant l\u2019artiste&nbsp;Ouzin Ke\u00efta&nbsp;et plusieurs membres de son entourage. Selon les r\u00e9v\u00e9lations du journal&nbsp;Lib\u00e9ration, le nom de l\u2019animateur&nbsp;Pape Cheikh Diallo, d\u00e9j\u00e0 \u00e9crou\u00e9 dans une autre proc\u00e9dure li\u00e9e \u00e0 une affaire de m\u0153urs, s\u2019est invit\u00e9 au c\u0153ur de l\u2019enqu\u00eate. D\u2019apr\u00e8s la m\u00eame source, ce lien serait apparu \u00e0 la suite du t\u00e9moignage de P. S. Faye, \u00e9galement connu sous le nom de Mamadou Faye, l\u2019un des quinze individus d\u00e9f\u00e9r\u00e9s ce lundi dans le cadre de cette affaire li\u00e9e au r\u00e9seau pr\u00e9sum\u00e9 de l\u2019appartement d\u2019Ouest-Foire. Cit\u00e9 par le quotidien, le mis en cause aurait confi\u00e9 aux enqu\u00eateurs s\u2019\u00eatre pr\u00e9cipit\u00e9 pour effectuer un test de d\u00e9pistage du VIH\/Sida apr\u00e8s avoir appris l\u2019arrestation de&nbsp;Pape Cheikh Diallo, ainsi que certains d\u00e9tails sensibles \u00e9voqu\u00e9s autour de son dossier. Ces d\u00e9clarations ont attir\u00e9 l\u2019attention des enqu\u00eateurs et contribu\u00e9 \u00e0 introduire le nom de l\u2019animateur dans les discussions entourant l\u2019affaire. Toutefois, \u00e0 ce stade, aucune pr\u00e9cision officielle n\u2019a \u00e9t\u00e9 donn\u00e9e quant \u00e0 un \u00e9ventuel lien direct entre les deux proc\u00e9dures. L\u2019enqu\u00eate men\u00e9e par la&nbsp;Division des investigations criminelles&nbsp;se poursuit afin de faire toute la lumi\u00e8re sur ce dossier qui continue de susciter de vives r\u00e9actions."}

Affaire Ouzin Keïta : l’ombre de Pape Cheikh Diallo - LE PUBLIC

<blockquote class="wp-embedded-content" data-secret="eCBt2R8P1i"><a href="https://www.public.sn/index.php/2026/03/10/affaire-ouzin-keita-lombre-de-pape-cheikh-diallo/">Affaire Ouzin Keïta : l’ombre de Pape Cheikh Diallo</a></blockquote><iframe sandbox="allow-scripts" security="restricted" src="https://www.public.sn/index.php/2026/03/10/affaire-ouzin-keita-lombre-de-pape-cheikh-diallo/embed/#?secret=eCBt2R8P1i" width="600" height="338" title="« Affaire Ouzin Keïta : l’ombre de Pape Cheikh Diallo » &#8212; LE PUBLIC" data-secret="eCBt2R8P1i" frameborder="0" marginwidth="0" marginheight="0" scrolling="no" class="wp-embedded-content"></iframe><script>
/*! This file is auto-generated */
!function(d,l){"use strict";l.querySelector&&d.addEventListener&&"undefined"!=typeof URL&&(d.wp=d.wp||{},d.wp.receiveEmbedMessage||(d.wp.receiveEmbedMessage=function(e){var t=e.data;if((t||t.secret||t.message||t.value)&&!/[^a-zA-Z0-9]/.test(t.secret)){for(var s,r,n,a=l.querySelectorAll('iframe[data-secret="'+t.secret+'"]'),o=l.querySelectorAll('blockquote[data-secret="'+t.secret+'"]'),c=new RegExp("^https?:$","i"),i=0;i<o.length;i++)o[i].style.display="none";for(i=0;i<a.length;i++)s=a[i],e.source===s.contentWindow&&(s.removeAttribute("style"),"height"===t.message?(1e3<(r=parseInt(t.value,10))?r=1e3:~~r<200&&(r=200),s.height=r):"link"===t.message&&(r=new URL(s.getAttribute("src")),n=new URL(t.value),c.test(n.protocol))&&n.host===r.host&&l.activeElement===s&&(d.top.location.href=t.value))}},d.addEventListener("message",d.wp.receiveEmbedMessage,!1),l.addEventListener("DOMContentLoaded",function(){for(var e,t,s=l.querySelectorAll("iframe.wp-embedded-content"),r=0;r<s.length;r++)(t=(e=s[r]).getAttribute("data-secret"))||(t=Math.random().toString(36).substring(2,12),e.src+="#?secret="+t,e.setAttribute("data-secret",t)),e.contentWindow.postMessage({message:"ready",secret:t},"*")},!1)))}(window,document);
//# sourceURL=https://www.public.sn/wp-includes/js/wp-embed.min.js
</script>

Un nouveau rebondissement est venu marquer les interrogatoires menés par la&nbsp;Division des investigations criminelles(DIC) dans l’affaire visant l’artiste&nbsp;Ouzin Keïta&nbsp;et plusieurs membres de son entourage. Selon les révélations du journal&nbsp;Libération, le nom de l’animateur&nbsp;Pape Cheikh Diallo, déjà écroué dans une autre procédure liée à une affaire de mœurs, s’est invité au cœur de l’enquête. D’après la même source, ce lien serait apparu à la suite du témoignage de P. S. Faye, également connu sous le nom de Mamadou Faye, l’un des quinze individus déférés ce lundi dans le cadre de cette affaire liée au réseau présumé de l’appartement d’Ouest-Foire. Cité par le quotidien, le mis en cause aurait confié aux enquêteurs s’être précipité pour effectuer un test de dépistage du VIH/Sida après avoir appris l’arrestation de&nbsp;Pape Cheikh Diallo, ainsi que certains détails sensibles évoqués autour de son dossier. Ces déclarations ont attiré l’attention des enquêteurs et contribué à introduire le nom de l’animateur dans les discussions entourant l’affaire. Toutefois, à ce stade, aucune précision officielle n’a été donnée quant à un éventuel lien direct entre les deux procédures. L’enquête menée par la&nbsp;Division des investigations criminelles&nbsp;se poursuit afin de faire toute la lumière sur ce dossier qui continue de susciter de vives réactions.
